{"id":98,"date":"2020-03-06T10:11:04","date_gmt":"2020-03-06T09:11:04","guid":{"rendered":"https:\/\/hogtlagt.se\/sundsvall\/klatterparken\/andra-aktiviteter\/"},"modified":"2024-12-17T13:17:24","modified_gmt":"2024-12-17T12:17:24","slug":"andra-aktiviteter","status":"publish","type":"page","link":"https:\/\/hogtlagt.se\/sundsvall\/klatterparken\/andra-aktiviteter\/","title":{"rendered":"Aktiviteter att g\u00f6ra i Sundsvall"},"content":{"rendered":"\n<div class=\"wp-block-cover alignfull\" style=\"min-height:600px;aspect-ratio:unset;\"><span aria-hidden=\"true\" class=\"wp-block-cover__background has-background-dim-10 has-background-dim\"><\/span><img loading=\"lazy\" decoding=\"async\" width=\"2560\" height=\"1707\" class=\"wp-block-cover__image-background wp-image-2137\" alt=\"\" src=\"https:\/\/hogtlagt.se\/sundsvall\/wp-content\/uploads\/sites\/5\/2023\/10\/Andra-aktiviteter-scaled.jpg\" data-object-fit=\"cover\" srcset=\"https:\/\/hogtlagt.se\/sundsvall\/wp-content\/uploads\/sites\/5\/2023\/10\/Andra-aktiviteter-scaled.jpg 2560w, https:\/\/hogtlagt.se\/sundsvall\/wp-content\/uploads\/sites\/5\/2023\/10\/Andra-aktiviteter-300x200.jpg 300w, https:\/\/hogtlagt.se\/sundsvall\/wp-content\/uploads\/sites\/5\/2023\/10\/Andra-aktiviteter-1024x683.jpg 1024w, https:\/\/hogtlagt.se\/sundsvall\/wp-content\/uploads\/sites\/5\/2023\/10\/Andra-aktiviteter-768x512.jpg 768w, https:\/\/hogtlagt.se\/sundsvall\/wp-content\/uploads\/sites\/5\/2023\/10\/Andra-aktiviteter-1536x1024.jpg 1536w, https:\/\/hogtlagt.se\/sundsvall\/wp-content\/uploads\/sites\/5\/2023\/10\/Andra-aktiviteter-2048x1365.jpg 2048w\" sizes=\"auto, (max-width: 2560px) 100vw, 2560px\" \/><div class=\"wp-block-cover__inner-container has-global-padding is-layout-constrained wp-block-cover-is-layout-constrained\">\n<h2 class=\"wp-block-heading has-text-align-center\" style=\"font-size:55px\">Roliga aktiviteter runt Sundsvall<\/h2>\n<\/div><\/div>\n\n\n\n<div style=\"height:100px\" aria-hidden=\"true\" class=\"wp-block-spacer\"><\/div>\n\n\n\n<div class=\"wp-block-columns is-layout-flex wp-container-core-columns-is-layout-28f84493 wp-block-columns-is-layout-flex\">\n<div class=\"wp-block-column is-layout-flow wp-block-column-is-layout-flow\">\n<p><strong>Letar ni efter roliga och sp\u00e4nnande aktiviteter att g\u00f6ra f\u00f6r b\u00e5de barn och vuxna, i omr\u00e5det kring Sundsvall? H\u00e4r har vi samlat n\u00e5gra&nbsp;olika tips p\u00e5 saker att g\u00f6ra med barn, familj, och v\u00e4nner kanske p\u00e5 semestern eller n\u00e4r andan faller p\u00e5.&nbsp;<\/strong><\/p>\n<\/div>\n\n\n\n<div class=\"wp-block-column is-layout-flow wp-block-column-is-layout-flow\">\n<figure class=\"wp-block-image aligncenter size-large is-resized\"><img loading=\"lazy\" decoding=\"async\" width=\"790\" height=\"837\" src=\"https:\/\/hogtlagt.se\/sundsvall\/wp-content\/uploads\/sites\/5\/2023\/12\/Lager-2-7.svg\" alt=\"\" class=\"wp-image-2292\" style=\"width:162px;height:auto\"\/><\/figure>\n<\/div>\n<\/div>\n\n\n\n<div style=\"height:75px\" aria-hidden=\"true\" class=\"wp-block-spacer\"><\/div>\n\n\n\n<div id=\"two-col-img-block_9f8ab73706798aa8b47951835b7d3054\" class=\"two-col-img ny-bakgrund3\">\n    <div class=\"two-block-img__wrapper \">\n\n        <img decoding=\"async\" class=\"img-col\" src=\"https:\/\/hogtlagt.se\/sundsvall\/wp-content\/uploads\/sites\/5\/2020\/10\/received_791397798296000-768x512.jpg\" alt=\"\">\n\n        <div class=\"text-col\">\n                        <div class=\"text-col-inner\">\n                <h3>H\u00f6gt &amp; L\u00e5gt \u00c4ventyrspark\/Kl\u00e4tterpark Sundsvall<\/h3>\n<p>Den som letar efter aktiviteter i Sundsvall att g\u00f6ra med, barn, familj, kollegorna eller p\u00e5 m\u00f6hippan\/svensexan hittar ett sp\u00e4nnande alternativ p\u00e5 H\u00f6gt &amp; L\u00e5gt kl\u00e4tterpark &amp; h\u00f6gh\u00f6jdsbana. Vi finns vid vid vallbodarna p\u00e5 S\u00f6dra Bergets friluftscentrum. Ni kan l\u00e4sa mer <a href=\"https:\/\/hogtlagt.se\/sundsvall\/klatterparken\/klatterbanorna\/\">om kl\u00e4tterparken och v\u00e5ra olika h\u00f6gh\u00f6jdsbanor h\u00e4r.<\/a><\/p>\n                            <\/div>\n        <\/div>\n\n    <\/div>\n<\/div>\n\n\n\n<div id=\"two-col-img-block_e62996bc911760d4e925d2e1d09d12a9\" class=\"two-col-img ny-bakgrund3\">\n    <div class=\"two-block-img__wrapper reverse-col\">\n\n        <img decoding=\"async\" class=\"img-col\" src=\"https:\/\/hogtlagt.se\/sundsvall\/wp-content\/uploads\/sites\/5\/2022\/02\/La\u0308ngdskida\u030akning-pa\u030a-A\u0308ngen-So\u0308dra-berget-2021-srgb-12-webb-683983-768x512.jpeg\" alt=\"\">\n\n        <div class=\"text-col\">\n                        <div class=\"text-col-inner\">\n                <h3>Friluftscentrum S\u00f6dra Stadsberget<\/h3>\n<p>Kan detta vara ett av Sveriges roligaste och aktivaste berg? H\u00e4r finns skidsp\u00e5r\/motionssp\u00e5r, \u00e4ventyrsstigar, pulkabackar, discogolf, downhill-och terr\u00e4ng cykling, vindskydd och grillplatser, cafe, hinderbana, utegym, barnhinderbana med mera. Kort sagt, h\u00e4r finns n\u00e5got f\u00f6r alla, stora som sm\u00e5, sommar som vinter.<\/p>\n                            <\/div>\n        <\/div>\n\n    <\/div>\n<\/div>\n\n\n\n<div id=\"two-col-img-block_208f8b466e5051d74177c6c421c86d75\" class=\"two-col-img ny-bakgrund3\">\n    <div class=\"two-block-img__wrapper \">\n\n        <img decoding=\"async\" class=\"img-col\" src=\"https:\/\/hogtlagt.se\/sundsvall\/wp-content\/uploads\/sites\/5\/2022\/02\/Dro\u0308narbilder-16.JPEG-768x431.jpeg\" alt=\"\">\n\n        <div class=\"text-col\">\n                        <div class=\"text-col-inner\">\n                <h3>Hotell S\u00f6dra Berget &amp; Strike Club<\/h3>\n<p>Hotellet erbjuder storslagen utsikt, god mat och njutbart spa. I byggnaden intill hittar ni Strike club som har ett brett utbud av olika inomhusaktiviteter, exempelvis bowling, lasergame och skee ball.<\/p>\n                            <\/div>\n        <\/div>\n\n    <\/div>\n<\/div>\n\n\n\n<div id=\"two-col-img-block_71f7a56a106af662aef05320d3a147bb\" class=\"two-col-img ny-bakgrund3\">\n    <div class=\"two-block-img__wrapper reverse-col\">\n\n        <img decoding=\"async\" class=\"img-col\" src=\"https:\/\/hogtlagt.se\/sundsvall\/wp-content\/uploads\/sites\/5\/2022\/02\/Norra_berget_entre\u0301.jpeg\" alt=\"\">\n\n        <div class=\"text-col\">\n                        <div class=\"text-col-inner\">\n                <h3>Norra Stadsberget<\/h3>\n<p>Om man mot f\u00f6rmodan skulle tr\u00f6ttna p\u00e5 s\u00f6dra berget s\u00e5 kan man bege sig till andra sidan stan och bes\u00f6ka Friluftsmuseet Norra Berget. H\u00e4r finns naturreservat, odlingar, historiska byggnader lekpark, djur, cirkus och roliga saker f\u00f6r hela familjen. Norra berget \u00e4r inte lika h\u00f6gt som det s\u00f6dra, men h\u00e4r finns ett 54 meter h\u00f6gt utsiktstorn, den s\u00e5 kallade glasspinnen, d\u00e4r man kan spana ut \u00f6ver staden.<\/p>\n                            <\/div>\n        <\/div>\n\n    <\/div>\n<\/div>\n\n\n\n<div id=\"two-col-img-block_7fd904178ad1ac8571d6b13454d951be\" class=\"two-col-img ny-bakgrund3\">\n    <div class=\"two-block-img__wrapper \">\n\n        <img decoding=\"async\" class=\"img-col\" src=\"https:\/\/hogtlagt.se\/sundsvall\/wp-content\/uploads\/sites\/5\/2022\/02\/children-1246383_640.jpeg\" alt=\"\">\n\n        <div class=\"text-col\">\n                        <div class=\"text-col-inner\">\n                <h3>Himlabadet<\/h3>\n<p>Ett \u00e4ventyrsbad mitt i Sundsvall! H\u00e4r finns; utomhuspool \u00e4ventyrsbad med flera olika rutschkanor, sm\u00e5barnsbad och bubbelpooler och mycket mera. P\u00e5 takterrassen p\u00e5 \u00f6versta v\u00e5ningen finns \u00e4ven m\u00f6jligheten till sol och avslappning i relaxavdelningen.<\/p>\n                            <\/div>\n        <\/div>\n\n    <\/div>\n<\/div>\n\n\n\n<div id=\"two-col-img-block_4fafb9c91411818558ef6a6c8c75cec7\" class=\"two-col-img ny-bakgrund3\">\n    <div class=\"two-block-img__wrapper reverse-col\">\n\n        <img decoding=\"async\" class=\"img-col\" src=\"https:\/\/hogtlagt.se\/sundsvall\/wp-content\/uploads\/sites\/5\/2022\/02\/640px-Kulturmagasinet_Sundsvall.jpeg\" alt=\"\">\n\n        <div class=\"text-col\">\n                        <div class=\"text-col-inner\">\n                <h3>Kulturmagasinet<\/h3>\n<p>Ett kulturcentrum mitt i stan, fulladdat med aktiviteter f\u00f6r stora och sm\u00e5. H\u00e4r finns bibliotek, caf\u00e9, utst\u00e4llningar s\u00e5 som Pettsson &amp; Findus och Sundvalls museum. V\u00e4rt att n\u00e4mna \u00e4r ocks\u00e5 att Kulturmagasinet har f\u00e5tt Europa Nostra-priset f\u00f6r restaureringen av byggnaden, som har skapat de vackra kontrasterna mellan det moderna glastaket och 1890-talets arkitektur.<\/p>\n                            <\/div>\n        <\/div>\n\n    <\/div>\n<\/div>\n\n\n\n<div id=\"two-col-img-block_c2029d0b193bc240c222dd07127e4311\" class=\"two-col-img ny-bakgrund3\">\n    <div class=\"two-block-img__wrapper \">\n\n        <img decoding=\"async\" class=\"img-col\" src=\"https:\/\/hogtlagt.se\/sundsvall\/wp-content\/uploads\/sites\/5\/2022\/02\/fruit-4476857_640.jpeg\" alt=\"\">\n\n        <div class=\"text-col\">\n                        <div class=\"text-col-inner\">\n                <h3>L\u00f6rudden<\/h3>\n<p>L\u00f6rudden\/L\u00f6ran i Njurunda \u00e4r ett fiskel\u00e4ge med anor fr\u00e5n 1600-talet d\u00e4r det \u00e4n idag bedrivs ett yrkesm\u00e4ssigt kustn\u00e4ra fiske. H\u00e4r finns fiskrestaurang, fiskaff\u00e4r med r\u00f6keri, presentbutik, konstgalleri och ett mindre fiskemuseum. I omr\u00e5det finns \u00e4ven h\u00e4llristningar, klapperf\u00e4lt och tre gamla stenlabyrinter (s\u00e5 kallade trojaborgar\/trojeborgar). H\u00e4r kan man \u00e4ven njuta av vacker kustn\u00e4ra vandring och hitta g\u00f6mda vita sandstr\u00e4nder, eller varf\u00f6r inte plocka lite havtorn p\u00e5 senh\u00f6sten.<\/p>\n                            <\/div>\n        <\/div>\n\n    <\/div>\n<\/div>\n\n\n\n<div id=\"two-col-img-block_f6c092149465769df8d80adcaefc7475\" class=\"two-col-img ny-bakgrund3\">\n    <div class=\"two-block-img__wrapper reverse-col\">\n\n        <img decoding=\"async\" class=\"img-col\" src=\"https:\/\/hogtlagt.se\/sundsvall\/wp-content\/uploads\/sites\/5\/2024\/12\/kliss-sundsvall-768x468.jpeg\" alt=\"\">\n\n        <div class=\"text-col\">\n                        <div class=\"text-col-inner\">\n                <h3>Klissbergsstugan<\/h3>\n<p>Ett bes\u00f6k till Klissbergsstugan p\u00e5 toppen av Klissberget, 266 m.\u00f6.h., \u00e4r en perfekt utflykt f\u00f6r b\u00e5de stora och sm\u00e5! Stugan \u00e4r bel\u00e4gen p\u00e5 ett av Sundsvalls h\u00f6gsta stadsn\u00e4ra berg och n\u00e5s via flera v\u00e4ltrampade vandringsleder fr\u00e5n omr\u00e5den som Sidsj\u00f6, Sallyhill och Nacksta i v\u00e4ster, eller Kolsta och Bl\u00e5berget i \u00f6ster. Passa p\u00e5 att njuta av den klassiska halstrade sillen, som serverats h\u00e4r sedan 1930-talet, eller varf\u00f6r inte en nygr\u00e4ddad v\u00e5ffla eller en kopp varm choklad? Klissbergsstugan \u00e4r \u00f6ppen s\u00f6ndagar under vinters\u00e4songen och sommartid onsdag till s\u00f6ndag.<\/p>\n                            <\/div>\n        <\/div>\n\n    <\/div>\n<\/div>\n\n\n\n<div class=\"wp-block-cover alignfull\" style=\"min-height:376px;aspect-ratio:unset;\"><span aria-hidden=\"true\" class=\"wp-block-cover__background has-background-dim\"><\/span><img loading=\"lazy\" decoding=\"async\" width=\"2048\" height=\"1365\" class=\"wp-block-cover__image-background wp-image-2265\" alt=\"\" src=\"https:\/\/hogtlagt.se\/sundsvall\/wp-content\/uploads\/sites\/5\/2023\/12\/Hogt-Lagt-WEBB-1235.jpg\" style=\"object-position:50% 66%\" data-object-fit=\"cover\" data-object-position=\"50% 66%\" srcset=\"https:\/\/hogtlagt.se\/sundsvall\/wp-content\/uploads\/sites\/5\/2023\/12\/Hogt-Lagt-WEBB-1235.jpg 2048w, https:\/\/hogtlagt.se\/sundsvall\/wp-content\/uploads\/sites\/5\/2023\/12\/Hogt-Lagt-WEBB-1235-300x200.jpg 300w, https:\/\/hogtlagt.se\/sundsvall\/wp-content\/uploads\/sites\/5\/2023\/12\/Hogt-Lagt-WEBB-1235-1024x683.jpg 1024w, https:\/\/hogtlagt.se\/sundsvall\/wp-content\/uploads\/sites\/5\/2023\/12\/Hogt-Lagt-WEBB-1235-768x512.jpg 768w, https:\/\/hogtlagt.se\/sundsvall\/wp-content\/uploads\/sites\/5\/2023\/12\/Hogt-Lagt-WEBB-1235-1536x1024.jpg 1536w\" sizes=\"auto, (max-width: 2048px) 100vw, 2048px\" \/><div class=\"wp-block-cover__inner-container has-global-padding is-layout-constrained wp-block-cover-is-layout-constrained\">\n<p class=\"has-text-align-center\" style=\"font-size:25px\">Allt vi g\u00f6r genomsyras av v\u00e5ra grundl\u00e4ggande v\u00e4rden&nbsp;<em>Genomarbetat, S\u00e4kert, Innovativt, Inkluderande<\/em>&nbsp;och&nbsp;<em>Utmanande.<\/em>&nbsp;Vi \u00e4r drivna, vi arbetar h\u00e5rt, vi brinner f\u00f6r varje kunds upplevelse, vi \u00e4r med och utvecklar branschen och vi har j\u00e4kligt roligt medans vi g\u00f6r det!<\/p>\n<\/div><\/div>\n","protected":false},"excerpt":{"rendered":"<p>Letar ni efter roliga och sp\u00e4nnande aktiviteter att g\u00f6ra f\u00f6r b\u00e5de barn och vuxna, i omr\u00e5det kring Sundsvall? H\u00e4r har vi samlat n\u00e5gra&nbsp;olika tips p\u00e5 saker att g\u00f6ra med barn,&#8230;<\/p>\n","protected":false},"author":1,"featured_media":2166,"parent":97,"menu_order":4,"comment_status":"closed","ping_status":"closed","template":"templates\/empty.php","meta":{"_acf_changed":false,"inline_featured_image":false,"footnotes":""},"class_list":["post-98","page","type-page","status-publish","has-post-thumbnail"],"acf":[],"yoast_head":"<!-- This site is optimized with the Yoast SEO plugin v26.1.1 - https:\/\/yoast.com\/wordpress\/plugins\/seo\/ -->\n<title>Aktiviteter att g\u00f6ra i Sundsvall - H\u00f6gt &amp; L\u00e5gt Sundsvall -Att g\u00f6ra i sundsvall, barnaktiviteter<\/title>\n<meta name=\"robots\" content=\"index, follow, max-snippet:-1, max-image-preview:large, max-video-preview:-1\" \/>\n<link rel=\"canonical\" href=\"https:\/\/hogtlagt.se\/sundsvall\/klatterparken\/andra-aktiviteter\/\" \/>\n<meta property=\"og:locale\" content=\"sv_SE\" \/>\n<meta property=\"og:type\" content=\"article\" \/>\n<meta property=\"og:title\" content=\"Aktiviteter att g\u00f6ra i Sundsvall - H\u00f6gt &amp; L\u00e5gt Sundsvall -Att g\u00f6ra i sundsvall, barnaktiviteter\" \/>\n<meta property=\"og:description\" content=\"Letar ni efter roliga och sp\u00e4nnande aktiviteter att g\u00f6ra f\u00f6r b\u00e5de barn och vuxna, i omr\u00e5det kring Sundsvall? H\u00e4r har vi samlat n\u00e5gra&nbsp;olika tips p\u00e5 saker att g\u00f6ra med barn,...\" \/>\n<meta property=\"og:url\" content=\"https:\/\/hogtlagt.se\/sundsvall\/klatterparken\/andra-aktiviteter\/\" \/>\n<meta property=\"og:site_name\" content=\"H\u00f6gt &amp; L\u00e5gt Sundsvall\" \/>\n<meta property=\"article:modified_time\" content=\"2024-12-17T12:17:24+00:00\" \/>\n<meta property=\"og:image\" content=\"https:\/\/hogtlagt.se\/sundsvall\/wp-content\/uploads\/sites\/5\/2023\/10\/Andra-aktiviteter-1-scaled.jpg\" \/>\n\t<meta property=\"og:image:width\" content=\"2560\" \/>\n\t<meta property=\"og:image:height\" content=\"1707\" \/>\n\t<meta property=\"og:image:type\" content=\"image\/jpeg\" \/>\n<meta name=\"twitter:card\" content=\"summary_large_image\" \/>\n<meta name=\"twitter:label1\" content=\"Ber\u00e4knad l\u00e4stid\" \/>\n\t<meta name=\"twitter:data1\" content=\"2 minuter\" \/>\n<script type=\"application\/ld+json\" class=\"yoast-schema-graph\">{\"@context\":\"https:\/\/schema.org\",\"@graph\":[{\"@type\":\"WebPage\",\"@id\":\"https:\/\/hogtlagt.se\/sundsvall\/klatterparken\/andra-aktiviteter\/\",\"url\":\"https:\/\/hogtlagt.se\/sundsvall\/klatterparken\/andra-aktiviteter\/\",\"name\":\"Aktiviteter att g\u00f6ra i Sundsvall - H\u00f6gt &amp; L\u00e5gt Sundsvall -Att g\u00f6ra i sundsvall, barnaktiviteter\",\"isPartOf\":{\"@id\":\"https:\/\/hogtlagt.se\/sundsvall\/#website\"},\"primaryImageOfPage\":{\"@id\":\"https:\/\/hogtlagt.se\/sundsvall\/klatterparken\/andra-aktiviteter\/#primaryimage\"},\"image\":{\"@id\":\"https:\/\/hogtlagt.se\/sundsvall\/klatterparken\/andra-aktiviteter\/#primaryimage\"},\"thumbnailUrl\":\"https:\/\/hogtlagt.se\/sundsvall\/wp-content\/uploads\/sites\/5\/2023\/10\/Andra-aktiviteter-1-scaled.jpg\",\"datePublished\":\"2020-03-06T09:11:04+00:00\",\"dateModified\":\"2024-12-17T12:17:24+00:00\",\"breadcrumb\":{\"@id\":\"https:\/\/hogtlagt.se\/sundsvall\/klatterparken\/andra-aktiviteter\/#breadcrumb\"},\"inLanguage\":\"sv-SE\",\"potentialAction\":[{\"@type\":\"ReadAction\",\"target\":[\"https:\/\/hogtlagt.se\/sundsvall\/klatterparken\/andra-aktiviteter\/\"]}]},{\"@type\":\"ImageObject\",\"inLanguage\":\"sv-SE\",\"@id\":\"https:\/\/hogtlagt.se\/sundsvall\/klatterparken\/andra-aktiviteter\/#primaryimage\",\"url\":\"https:\/\/hogtlagt.se\/sundsvall\/wp-content\/uploads\/sites\/5\/2023\/10\/Andra-aktiviteter-1-scaled.jpg\",\"contentUrl\":\"https:\/\/hogtlagt.se\/sundsvall\/wp-content\/uploads\/sites\/5\/2023\/10\/Andra-aktiviteter-1-scaled.jpg\",\"width\":2560,\"height\":1707,\"caption\":\"Glad familj som pratar om hur det var att kl\u00e4ttra i h\u00f6gh\u00f6jdsbanorna\"},{\"@type\":\"BreadcrumbList\",\"@id\":\"https:\/\/hogtlagt.se\/sundsvall\/klatterparken\/andra-aktiviteter\/#breadcrumb\",\"itemListElement\":[{\"@type\":\"ListItem\",\"position\":1,\"name\":\"Hem\",\"item\":\"https:\/\/hogtlagt.se\/sundsvall\/\"},{\"@type\":\"ListItem\",\"position\":2,\"name\":\"Kl\u00e4tterparken\",\"item\":\"https:\/\/hogtlagt.se\/sundsvall\/klatterparken\/\"},{\"@type\":\"ListItem\",\"position\":3,\"name\":\"Aktiviteter att g\u00f6ra i Sundsvall\"}]},{\"@type\":\"WebSite\",\"@id\":\"https:\/\/hogtlagt.se\/sundsvall\/#website\",\"url\":\"https:\/\/hogtlagt.se\/sundsvall\/\",\"name\":\"H\u00f6gt &amp; L\u00e5gt Sundsvall\",\"description\":\"\",\"potentialAction\":[{\"@type\":\"SearchAction\",\"target\":{\"@type\":\"EntryPoint\",\"urlTemplate\":\"https:\/\/hogtlagt.se\/sundsvall\/?s={search_term_string}\"},\"query-input\":{\"@type\":\"PropertyValueSpecification\",\"valueRequired\":true,\"valueName\":\"search_term_string\"}}],\"inLanguage\":\"sv-SE\"}]}<\/script>\n<!-- \/ Yoast SEO plugin. -->","yoast_head_json":{"title":"Aktiviteter att g\u00f6ra i Sundsvall - H\u00f6gt &amp; L\u00e5gt Sundsvall -Att g\u00f6ra i sundsvall, barnaktiviteter","robots":{"index":"index","follow":"follow","max-snippet":"max-snippet:-1","max-image-preview":"max-image-preview:large","max-video-preview":"max-video-preview:-1"},"canonical":"https:\/\/hogtlagt.se\/sundsvall\/klatterparken\/andra-aktiviteter\/","og_locale":"sv_SE","og_type":"article","og_title":"Aktiviteter att g\u00f6ra i Sundsvall - H\u00f6gt &amp; L\u00e5gt Sundsvall -Att g\u00f6ra i sundsvall, barnaktiviteter","og_description":"Letar ni efter roliga och sp\u00e4nnande aktiviteter att g\u00f6ra f\u00f6r b\u00e5de barn och vuxna, i omr\u00e5det kring Sundsvall? H\u00e4r har vi samlat n\u00e5gra&nbsp;olika tips p\u00e5 saker att g\u00f6ra med barn,...","og_url":"https:\/\/hogtlagt.se\/sundsvall\/klatterparken\/andra-aktiviteter\/","og_site_name":"H\u00f6gt &amp; L\u00e5gt Sundsvall","article_modified_time":"2024-12-17T12:17:24+00:00","og_image":[{"width":2560,"height":1707,"url":"https:\/\/hogtlagt.se\/sundsvall\/wp-content\/uploads\/sites\/5\/2023\/10\/Andra-aktiviteter-1-scaled.jpg","type":"image\/jpeg"}],"twitter_card":"summary_large_image","twitter_misc":{"Ber\u00e4knad l\u00e4stid":"2 minuter"},"schema":{"@context":"https:\/\/schema.org","@graph":[{"@type":"WebPage","@id":"https:\/\/hogtlagt.se\/sundsvall\/klatterparken\/andra-aktiviteter\/","url":"https:\/\/hogtlagt.se\/sundsvall\/klatterparken\/andra-aktiviteter\/","name":"Aktiviteter att g\u00f6ra i Sundsvall - H\u00f6gt &amp; L\u00e5gt Sundsvall -Att g\u00f6ra i sundsvall, barnaktiviteter","isPartOf":{"@id":"https:\/\/hogtlagt.se\/sundsvall\/#website"},"primaryImageOfPage":{"@id":"https:\/\/hogtlagt.se\/sundsvall\/klatterparken\/andra-aktiviteter\/#primaryimage"},"image":{"@id":"https:\/\/hogtlagt.se\/sundsvall\/klatterparken\/andra-aktiviteter\/#primaryimage"},"thumbnailUrl":"https:\/\/hogtlagt.se\/sundsvall\/wp-content\/uploads\/sites\/5\/2023\/10\/Andra-aktiviteter-1-scaled.jpg","datePublished":"2020-03-06T09:11:04+00:00","dateModified":"2024-12-17T12:17:24+00:00","breadcrumb":{"@id":"https:\/\/hogtlagt.se\/sundsvall\/klatterparken\/andra-aktiviteter\/#breadcrumb"},"inLanguage":"sv-SE","potentialAction":[{"@type":"ReadAction","target":["https:\/\/hogtlagt.se\/sundsvall\/klatterparken\/andra-aktiviteter\/"]}]},{"@type":"ImageObject","inLanguage":"sv-SE","@id":"https:\/\/hogtlagt.se\/sundsvall\/klatterparken\/andra-aktiviteter\/#primaryimage","url":"https:\/\/hogtlagt.se\/sundsvall\/wp-content\/uploads\/sites\/5\/2023\/10\/Andra-aktiviteter-1-scaled.jpg","contentUrl":"https:\/\/hogtlagt.se\/sundsvall\/wp-content\/uploads\/sites\/5\/2023\/10\/Andra-aktiviteter-1-scaled.jpg","width":2560,"height":1707,"caption":"Glad familj som pratar om hur det var att kl\u00e4ttra i h\u00f6gh\u00f6jdsbanorna"},{"@type":"BreadcrumbList","@id":"https:\/\/hogtlagt.se\/sundsvall\/klatterparken\/andra-aktiviteter\/#breadcrumb","itemListElement":[{"@type":"ListItem","position":1,"name":"Hem","item":"https:\/\/hogtlagt.se\/sundsvall\/"},{"@type":"ListItem","position":2,"name":"Kl\u00e4tterparken","item":"https:\/\/hogtlagt.se\/sundsvall\/klatterparken\/"},{"@type":"ListItem","position":3,"name":"Aktiviteter att g\u00f6ra i Sundsvall"}]},{"@type":"WebSite","@id":"https:\/\/hogtlagt.se\/sundsvall\/#website","url":"https:\/\/hogtlagt.se\/sundsvall\/","name":"H\u00f6gt &amp; L\u00e5gt Sundsvall","description":"","potentialAction":[{"@type":"SearchAction","target":{"@type":"EntryPoint","urlTemplate":"https:\/\/hogtlagt.se\/sundsvall\/?s={search_term_string}"},"query-input":{"@type":"PropertyValueSpecification","valueRequired":true,"valueName":"search_term_string"}}],"inLanguage":"sv-SE"}]}},"_links":{"self":[{"href":"https:\/\/hogtlagt.se\/sundsvall\/wp-json\/wp\/v2\/pages\/98","targetHints":{"allow":["GET"]}}],"collection":[{"href":"https:\/\/hogtlagt.se\/sundsvall\/wp-json\/wp\/v2\/pages"}],"about":[{"href":"https:\/\/hogtlagt.se\/sundsvall\/wp-json\/wp\/v2\/types\/page"}],"author":[{"embeddable":true,"href":"https:\/\/hogtlagt.se\/sundsvall\/wp-json\/wp\/v2\/users\/1"}],"replies":[{"embeddable":true,"href":"https:\/\/hogtlagt.se\/sundsvall\/wp-json\/wp\/v2\/comments?post=98"}],"version-history":[{"count":47,"href":"https:\/\/hogtlagt.se\/sundsvall\/wp-json\/wp\/v2\/pages\/98\/revisions"}],"predecessor-version":[{"id":2580,"href":"https:\/\/hogtlagt.se\/sundsvall\/wp-json\/wp\/v2\/pages\/98\/revisions\/2580"}],"up":[{"embeddable":true,"href":"https:\/\/hogtlagt.se\/sundsvall\/wp-json\/wp\/v2\/pages\/97"}],"wp:featuredmedia":[{"embeddable":true,"href":"https:\/\/hogtlagt.se\/sundsvall\/wp-json\/wp\/v2\/media\/2166"}],"wp:attachment":[{"href":"https:\/\/hogtlagt.se\/sundsvall\/wp-json\/wp\/v2\/media?parent=98"}],"curies":[{"name":"wp","href":"https:\/\/api.w.org\/{rel}","templated":true}]}}