{"id":619,"date":"2021-12-09T08:20:13","date_gmt":"2021-12-09T07:20:13","guid":{"rendered":"https:\/\/hogtlagt.se\/rattvik\/?page_id=619"},"modified":"2024-02-15T12:55:31","modified_gmt":"2024-02-15T11:55:31","slug":"the-park-and-our-obstacle-courses","status":"publish","type":"page","link":"https:\/\/hogtlagt.se\/rattvik\/en\/the-climbing-park\/the-park-and-our-obstacle-courses\/","title":{"rendered":"The park and our obstacle-courses"},"content":{"rendered":"\n<div class=\"wp-block-cover alignfull\" style=\"min-height:600px;aspect-ratio:unset;\"><span aria-hidden=\"true\" class=\"wp-block-cover__background has-background-dim-20 has-background-dim\"><\/span><img loading=\"lazy\" decoding=\"async\" width=\"2048\" height=\"1365\" class=\"wp-block-cover__image-background wp-image-1643\" alt=\"\" src=\"https:\/\/hogtlagt.se\/rattvik\/wp-content\/uploads\/sites\/2\/2023\/10\/va\u030ara-ho\u0308gho\u0308jdsbanor-1.jpg\" data-object-fit=\"cover\" srcset=\"https:\/\/hogtlagt.se\/rattvik\/wp-content\/uploads\/sites\/2\/2023\/10\/va\u030ara-ho\u0308gho\u0308jdsbanor-1.jpg 2048w, https:\/\/hogtlagt.se\/rattvik\/wp-content\/uploads\/sites\/2\/2023\/10\/va\u030ara-ho\u0308gho\u0308jdsbanor-1-300x200.jpg 300w, https:\/\/hogtlagt.se\/rattvik\/wp-content\/uploads\/sites\/2\/2023\/10\/va\u030ara-ho\u0308gho\u0308jdsbanor-1-1024x683.jpg 1024w, https:\/\/hogtlagt.se\/rattvik\/wp-content\/uploads\/sites\/2\/2023\/10\/va\u030ara-ho\u0308gho\u0308jdsbanor-1-768x512.jpg 768w, https:\/\/hogtlagt.se\/rattvik\/wp-content\/uploads\/sites\/2\/2023\/10\/va\u030ara-ho\u0308gho\u0308jdsbanor-1-1536x1024.jpg 1536w\" sizes=\"auto, (max-width: 2048px) 100vw, 2048px\" \/><div class=\"wp-block-cover__inner-container has-global-padding is-layout-constrained wp-block-cover-is-layout-constrained\">\n<h1 class=\"wp-block-heading has-text-align-center\" style=\"font-size:55px\">The park and our courses<\/h1>\n<\/div><\/div>\n\n\n\n<div style=\"height:62px\" aria-hidden=\"true\" class=\"wp-block-spacer\"><\/div>\n\n\n\n<h2 class=\"wp-block-heading\">Climbing adventure at obstacle courses in R\u00e4ttvik<\/h2>\n\n\n\n<div style=\"height:33px\" aria-hidden=\"true\" class=\"wp-block-spacer\"><\/div>\n\n\n\n<p>The climbingpark in R\u00e4ttvik is beautifully situated among the trees surrounding the En\u00e5badet camping site. The park is open to everybody and only those who are going to climb need to buy tickets. We have plenty of tables and seating areas and we also have several grills which are free to use for barbecuing. <\/p>\n\n\n\n<p>The tickets allow three hours of climbing and during that time you can climb as many obstacle courses as many times as you want. Which ticket to buy is dependent on the age of the climber. Once in the park you are allowed to climb as much as you want as long as you meet the minimum hight requirement of each course. Children under the age of 6 years old must be accompanied by a climbing adult in the green courses, and children under the age of 10 must be accompanied by a climbing adult in the blue and red courses. In the orange course, adults can accompany children from the ground (without buying a ticket or using a harness).<\/p>\n\n\n\n<p>In order to be able to climb, the following rules apply:<br>-Maximum weight: 120 kg<br>-You are not pregnant<br>-You are not under the influence of drugs or alcohol<br>-You must participate in the safety briefing and climb the training course before climbing in the park<br>-You must follow the rules of the park (which we will go through during the safety briefing)  <\/p>\n\n\n\n<p>We recommend climbing with gloves, but it is not a requirement. It is fine to bring your own gloves (preferably gardening-gloves), and we also sell gloves for 35 kr\/pair at the park.  <br><\/p>\n\n\n\n<figure class=\"wp-block-image aligncenter size-large is-resized\"><img loading=\"lazy\" decoding=\"async\" width=\"790\" height=\"837\" src=\"https:\/\/hogtlagt.se\/rattvik\/wp-content\/uploads\/sites\/2\/2023\/10\/Lager-2-7.svg\" alt=\"\" class=\"wp-image-1757\" style=\"width:256px;height:auto\"\/><\/figure>\n\n\n\n    <div class=\"icon-list\">\n\n            \n        <div class=\"icon-list-item\">\n            <div class=\"il-img\">\n                <img decoding=\"async\" src=\"https:\/\/hogtlagt.se\/rattvik\/wp-content\/uploads\/sites\/2\/2020\/03\/HL-ikon-14.svg\" class=\"attachment-icon size-icon\" alt=\"\" \/>            <\/div>\n            <div class=\"icon-list-content\">\n                <h3>Description of our courses <\/h3>\n                            <\/div>\n        <\/div>\n\n                    \n        <div class=\"icon-list-item\">\n            <div class=\"il-img\">\n                            <\/div>\n            <div class=\"icon-list-content\">\n                <h3><\/h3>\n                <p><strong>Lillebror<\/strong><br \/>\nMinimum hight: <em>80 cm<\/em><br \/>\nDegree of difficulty: <em>Orange (very easy)<\/em><br \/>\nAbout the course: Our easiest course for our youngest visitors. On this course adults can walk alongside and help (without a ticket and a harness). This course consists of nine obstacles, and it finishes with a cool zipline.<\/p>\n<p>&nbsp;<\/p>\n<p><strong>Premi\u00e4r<\/strong><br \/>\nMinimum hight: <em>110 cm (children under 6 years old are required to climb with an adult)<\/em><br \/>\nDegree of difficulty: <em>Green (easy)<\/em><br \/>\nAbout the course: Great course to start with, suitable for the whole family. Learn to use the equipment through five superfun obstacles. This course does not have a zipline.<\/p>\n<p>&nbsp;<\/p>\n<p><strong>Imse vimse<\/strong><br \/>\nMinimum hight: <em>110 cm (children under 6 years old are required to climb with an adult)<\/em><br \/>\nDegree of difficulty: <em>Green (easy)<\/em><br \/>\nAbout the course: A spectacular course consisting of obstacles such as riding a coconut and climbing through the spider\u2019s web! It finishes off with a 65-metre long zipline.<\/p>\n<p>&nbsp;<\/p>\n<p><strong>Tuffing<\/strong><br \/>\nMinimum hight: <em>110 cm (children under 6 years old are required to climb with an adult)<\/em><br \/>\nDegree of difficulty: <em>Dark green (fairly easy).<\/em><br \/>\nAbout the course: Many people\u00b4s favourite course, we are bit higher up now! It begins with a bridge made by a net going over the road while cars drive by underneath. This course has two superfun ziplines.<\/p>\n<p>&nbsp;<\/p>\n<p><strong>Nyheden Express<\/strong><br \/>\nMinimum hight: <em>140 cm (children under 10 years old are required to climb with an adult)<\/em><br \/>\nDegree of difficulty: <em>Blue (medium challenging)<\/em><br \/>\nAbout the course: The perfect course for those who love ziplining. The course starts with a climb to our highest point in the park, 15 metres up, where a 140 metre long zipline awaits. After that, the challenges continue.<\/p>\n<p>&nbsp;<\/p>\n<p><strong>Storebror<\/strong><br \/>\nMinimum hight: <em>140 cm (children under 10 years old are required to climb with an adult)<\/em><br \/>\nDegree of difficulty: <em>Dark blue (challenging)<\/em><br \/>\nAbout the course: This course requires strength and stamina, and you will guaranteed feel it in your arms afterwards. A superfun and challenging course where the obstacles rarely lie still. It\u00b4s long, but you are allowed to brag once you come down.<\/p>\n<p>&nbsp;<\/p>\n<p><strong>Helt slut<\/strong><br \/>\nMinimum hight: <em>150 cm (children under 10 years old are required to climb with an adult)<\/em><br \/>\nDegree of difficulty: <em>Red (difficult)<\/em><br \/>\nAbout the course: It is short, but don\u00b4t let that fool you. Five obstacles that will challenge you physically as well as mentally. And when it\u00b4s time to come down, you do it by jumping off the platform 10 meters up. Luckily you are connected to our quick flight!<\/p>\n            <\/div>\n        <\/div>\n\n            \n    <\/div>\n\n    \n\n\n<div style=\"height:59px\" aria-hidden=\"true\" class=\"wp-block-spacer\"><\/div>\n\n\n\n<figure class=\"wp-block-image size-large\"><a href=\"https:\/\/hogtlagt.se\/rattvik\/wp-content\/uploads\/sites\/2\/2022\/04\/NYparkkartaRa\u0308ttvik.svg\"><img decoding=\"async\" src=\"https:\/\/hogtlagt.se\/rattvik\/wp-content\/uploads\/sites\/2\/2022\/04\/NYparkkartaRa\u0308ttvik.svg\" alt=\"\" class=\"wp-image-1029\"\/><\/a><\/figure>\n\n\n\n<div style=\"height:100px\" aria-hidden=\"true\" class=\"wp-block-spacer\"><\/div>\n\n\n\n<div class=\"wp-block-cover alignfull\" style=\"min-height:376px;aspect-ratio:unset;\"><span aria-hidden=\"true\" class=\"wp-block-cover__background has-background-dim\"><\/span><img loading=\"lazy\" decoding=\"async\" width=\"2048\" height=\"1365\" class=\"wp-block-cover__image-background wp-image-1921\" alt=\"\" src=\"https:\/\/hogtlagt.se\/rattvik\/wp-content\/uploads\/sites\/2\/2023\/12\/Omslag-nederkant.jpg\" style=\"object-position:50% 66%\" data-object-fit=\"cover\" data-object-position=\"50% 66%\" srcset=\"https:\/\/hogtlagt.se\/rattvik\/wp-content\/uploads\/sites\/2\/2023\/12\/Omslag-nederkant.jpg 2048w, https:\/\/hogtlagt.se\/rattvik\/wp-content\/uploads\/sites\/2\/2023\/12\/Omslag-nederkant-300x200.jpg 300w, https:\/\/hogtlagt.se\/rattvik\/wp-content\/uploads\/sites\/2\/2023\/12\/Omslag-nederkant-1024x683.jpg 1024w, https:\/\/hogtlagt.se\/rattvik\/wp-content\/uploads\/sites\/2\/2023\/12\/Omslag-nederkant-768x512.jpg 768w, https:\/\/hogtlagt.se\/rattvik\/wp-content\/uploads\/sites\/2\/2023\/12\/Omslag-nederkant-1536x1024.jpg 1536w\" sizes=\"auto, (max-width: 2048px) 100vw, 2048px\" \/><div class=\"wp-block-cover__inner-container has-global-padding is-layout-constrained wp-block-cover-is-layout-constrained\">\n<p class=\"has-text-align-center\" style=\"font-size:25px\">Everything we do stems from our fundamental values&nbsp;<em>Thorough, Safe, Innovative, Including<\/em>&nbsp;and&nbsp;<em>Challenging<\/em>. We are passionate, we work hard, we care about the experience of each single visitor, we take part in the development of this industry and we have SO much fun along the way!<\/p>\n<\/div><\/div>\n","protected":false},"excerpt":{"rendered":"<p>Climbing adventure at obstacle courses in R\u00e4ttvik The climbingpark in R\u00e4ttvik is beautifully situated among the trees surrounding the En\u00e5badet camping site. The park is open to everybody and only&#8230;<\/p>\n","protected":false},"author":6,"featured_media":1569,"parent":617,"menu_order":1,"comment_status":"closed","ping_status":"closed","template":"templates\/empty.php","meta":{"_acf_changed":false,"inline_featured_image":false,"footnotes":""},"class_list":["post-619","page","type-page","status-publish","has-post-thumbnail"],"acf":[],"yoast_head":"<!-- This site is optimized with the Yoast SEO plugin v26.1.1 - https:\/\/yoast.com\/wordpress\/plugins\/seo\/ -->\n<title>The park and our obstacle-courses - H\u00f6gt &amp; L\u00e5gt R\u00e4ttvik<\/title>\n<meta name=\"description\" content=\"Information about our obstacle-courses, here you will find information where the 140 meter long zipline is, the climbing wall, freefall and the flying coconut.\" \/>\n<meta name=\"robots\" content=\"index, follow, max-snippet:-1, max-image-preview:large, max-video-preview:-1\" \/>\n<link rel=\"canonical\" href=\"https:\/\/hogtlagt.se\/rattvik\/en\/the-climbing-park\/the-park-and-our-obstacle-courses\/\" \/>\n<meta property=\"og:locale\" content=\"sv_SE\" \/>\n<meta property=\"og:type\" content=\"article\" \/>\n<meta property=\"og:title\" content=\"The park and our obstacle-courses - H\u00f6gt &amp; L\u00e5gt R\u00e4ttvik\" \/>\n<meta property=\"og:description\" content=\"Information about our obstacle-courses, here you will find information where the 140 meter long zipline is, the climbing wall, freefall and the flying coconut.\" \/>\n<meta property=\"og:url\" content=\"https:\/\/hogtlagt.se\/rattvik\/en\/the-climbing-park\/the-park-and-our-obstacle-courses\/\" \/>\n<meta property=\"og:site_name\" content=\"H\u00f6gt &amp; L\u00e5gt R\u00e4ttvik\" \/>\n<meta property=\"article:modified_time\" content=\"2024-02-15T11:55:31+00:00\" \/>\n<meta property=\"og:image\" content=\"https:\/\/hogtlagt.se\/rattvik\/wp-content\/uploads\/sites\/2\/2023\/10\/va\u030ara-ho\u0308gho\u0308jdsbanor.jpg\" \/>\n\t<meta property=\"og:image:width\" content=\"2048\" \/>\n\t<meta property=\"og:image:height\" content=\"1365\" \/>\n\t<meta property=\"og:image:type\" content=\"image\/jpeg\" \/>\n<meta name=\"twitter:card\" content=\"summary_large_image\" \/>\n<meta name=\"twitter:label1\" content=\"Ber\u00e4knad l\u00e4stid\" \/>\n\t<meta name=\"twitter:data1\" content=\"3 minuter\" \/>\n<script type=\"application\/ld+json\" class=\"yoast-schema-graph\">{\"@context\":\"https:\/\/schema.org\",\"@graph\":[{\"@type\":\"WebPage\",\"@id\":\"https:\/\/hogtlagt.se\/rattvik\/en\/the-climbing-park\/the-park-and-our-obstacle-courses\/\",\"url\":\"https:\/\/hogtlagt.se\/rattvik\/en\/the-climbing-park\/the-park-and-our-obstacle-courses\/\",\"name\":\"The park and our obstacle-courses - H\u00f6gt &amp; L\u00e5gt R\u00e4ttvik\",\"isPartOf\":{\"@id\":\"https:\/\/hogtlagt.se\/rattvik\/#website\"},\"primaryImageOfPage\":{\"@id\":\"https:\/\/hogtlagt.se\/rattvik\/en\/the-climbing-park\/the-park-and-our-obstacle-courses\/#primaryimage\"},\"image\":{\"@id\":\"https:\/\/hogtlagt.se\/rattvik\/en\/the-climbing-park\/the-park-and-our-obstacle-courses\/#primaryimage\"},\"thumbnailUrl\":\"https:\/\/hogtlagt.se\/rattvik\/wp-content\/uploads\/sites\/2\/2023\/10\/va\u030ara-ho\u0308gho\u0308jdsbanor.jpg\",\"datePublished\":\"2021-12-09T07:20:13+00:00\",\"dateModified\":\"2024-02-15T11:55:31+00:00\",\"description\":\"Information about our obstacle-courses, here you will find information where the 140 meter long zipline is, the climbing wall, freefall and the flying coconut.\",\"breadcrumb\":{\"@id\":\"https:\/\/hogtlagt.se\/rattvik\/en\/the-climbing-park\/the-park-and-our-obstacle-courses\/#breadcrumb\"},\"inLanguage\":\"sv-SE\",\"potentialAction\":[{\"@type\":\"ReadAction\",\"target\":[\"https:\/\/hogtlagt.se\/rattvik\/en\/the-climbing-park\/the-park-and-our-obstacle-courses\/\"]}]},{\"@type\":\"ImageObject\",\"inLanguage\":\"sv-SE\",\"@id\":\"https:\/\/hogtlagt.se\/rattvik\/en\/the-climbing-park\/the-park-and-our-obstacle-courses\/#primaryimage\",\"url\":\"https:\/\/hogtlagt.se\/rattvik\/wp-content\/uploads\/sites\/2\/2023\/10\/va\u030ara-ho\u0308gho\u0308jdsbanor.jpg\",\"contentUrl\":\"https:\/\/hogtlagt.se\/rattvik\/wp-content\/uploads\/sites\/2\/2023\/10\/va\u030ara-ho\u0308gho\u0308jdsbanor.jpg\",\"width\":2048,\"height\":1365,\"caption\":\"20200607 H\u00f6gt &amp; L\u00e5gt i Karlstad. Foto: Fredrik Karlsson\/SolstaFoto\"},{\"@type\":\"BreadcrumbList\",\"@id\":\"https:\/\/hogtlagt.se\/rattvik\/en\/the-climbing-park\/the-park-and-our-obstacle-courses\/#breadcrumb\",\"itemListElement\":[{\"@type\":\"ListItem\",\"position\":1,\"name\":\"Hem\",\"item\":\"https:\/\/hogtlagt.se\/rattvik\/\"},{\"@type\":\"ListItem\",\"position\":2,\"name\":\"The Climbing park\",\"item\":\"https:\/\/hogtlagt.se\/rattvik\/en\/the-climbing-park\/\"},{\"@type\":\"ListItem\",\"position\":3,\"name\":\"The park and our obstacle-courses\"}]},{\"@type\":\"WebSite\",\"@id\":\"https:\/\/hogtlagt.se\/rattvik\/#website\",\"url\":\"https:\/\/hogtlagt.se\/rattvik\/\",\"name\":\"H\u00f6gt &amp; L\u00e5gt R\u00e4ttvik\",\"description\":\"\",\"potentialAction\":[{\"@type\":\"SearchAction\",\"target\":{\"@type\":\"EntryPoint\",\"urlTemplate\":\"https:\/\/hogtlagt.se\/rattvik\/?s={search_term_string}\"},\"query-input\":{\"@type\":\"PropertyValueSpecification\",\"valueRequired\":true,\"valueName\":\"search_term_string\"}}],\"inLanguage\":\"sv-SE\"}]}<\/script>\n<!-- \/ Yoast SEO plugin. -->","yoast_head_json":{"title":"The park and our obstacle-courses - H\u00f6gt &amp; L\u00e5gt R\u00e4ttvik","description":"Information about our obstacle-courses, here you will find information where the 140 meter long zipline is, the climbing wall, freefall and the flying coconut.","robots":{"index":"index","follow":"follow","max-snippet":"max-snippet:-1","max-image-preview":"max-image-preview:large","max-video-preview":"max-video-preview:-1"},"canonical":"https:\/\/hogtlagt.se\/rattvik\/en\/the-climbing-park\/the-park-and-our-obstacle-courses\/","og_locale":"sv_SE","og_type":"article","og_title":"The park and our obstacle-courses - H\u00f6gt &amp; L\u00e5gt R\u00e4ttvik","og_description":"Information about our obstacle-courses, here you will find information where the 140 meter long zipline is, the climbing wall, freefall and the flying coconut.","og_url":"https:\/\/hogtlagt.se\/rattvik\/en\/the-climbing-park\/the-park-and-our-obstacle-courses\/","og_site_name":"H\u00f6gt &amp; L\u00e5gt R\u00e4ttvik","article_modified_time":"2024-02-15T11:55:31+00:00","og_image":[{"width":2048,"height":1365,"url":"https:\/\/hogtlagt.se\/rattvik\/wp-content\/uploads\/sites\/2\/2023\/10\/va\u030ara-ho\u0308gho\u0308jdsbanor.jpg","type":"image\/jpeg"}],"twitter_card":"summary_large_image","twitter_misc":{"Ber\u00e4knad l\u00e4stid":"3 minuter"},"schema":{"@context":"https:\/\/schema.org","@graph":[{"@type":"WebPage","@id":"https:\/\/hogtlagt.se\/rattvik\/en\/the-climbing-park\/the-park-and-our-obstacle-courses\/","url":"https:\/\/hogtlagt.se\/rattvik\/en\/the-climbing-park\/the-park-and-our-obstacle-courses\/","name":"The park and our obstacle-courses - H\u00f6gt &amp; L\u00e5gt R\u00e4ttvik","isPartOf":{"@id":"https:\/\/hogtlagt.se\/rattvik\/#website"},"primaryImageOfPage":{"@id":"https:\/\/hogtlagt.se\/rattvik\/en\/the-climbing-park\/the-park-and-our-obstacle-courses\/#primaryimage"},"image":{"@id":"https:\/\/hogtlagt.se\/rattvik\/en\/the-climbing-park\/the-park-and-our-obstacle-courses\/#primaryimage"},"thumbnailUrl":"https:\/\/hogtlagt.se\/rattvik\/wp-content\/uploads\/sites\/2\/2023\/10\/va\u030ara-ho\u0308gho\u0308jdsbanor.jpg","datePublished":"2021-12-09T07:20:13+00:00","dateModified":"2024-02-15T11:55:31+00:00","description":"Information about our obstacle-courses, here you will find information where the 140 meter long zipline is, the climbing wall, freefall and the flying coconut.","breadcrumb":{"@id":"https:\/\/hogtlagt.se\/rattvik\/en\/the-climbing-park\/the-park-and-our-obstacle-courses\/#breadcrumb"},"inLanguage":"sv-SE","potentialAction":[{"@type":"ReadAction","target":["https:\/\/hogtlagt.se\/rattvik\/en\/the-climbing-park\/the-park-and-our-obstacle-courses\/"]}]},{"@type":"ImageObject","inLanguage":"sv-SE","@id":"https:\/\/hogtlagt.se\/rattvik\/en\/the-climbing-park\/the-park-and-our-obstacle-courses\/#primaryimage","url":"https:\/\/hogtlagt.se\/rattvik\/wp-content\/uploads\/sites\/2\/2023\/10\/va\u030ara-ho\u0308gho\u0308jdsbanor.jpg","contentUrl":"https:\/\/hogtlagt.se\/rattvik\/wp-content\/uploads\/sites\/2\/2023\/10\/va\u030ara-ho\u0308gho\u0308jdsbanor.jpg","width":2048,"height":1365,"caption":"20200607 H\u00f6gt &amp; L\u00e5gt i Karlstad. Foto: Fredrik Karlsson\/SolstaFoto"},{"@type":"BreadcrumbList","@id":"https:\/\/hogtlagt.se\/rattvik\/en\/the-climbing-park\/the-park-and-our-obstacle-courses\/#breadcrumb","itemListElement":[{"@type":"ListItem","position":1,"name":"Hem","item":"https:\/\/hogtlagt.se\/rattvik\/"},{"@type":"ListItem","position":2,"name":"The Climbing park","item":"https:\/\/hogtlagt.se\/rattvik\/en\/the-climbing-park\/"},{"@type":"ListItem","position":3,"name":"The park and our obstacle-courses"}]},{"@type":"WebSite","@id":"https:\/\/hogtlagt.se\/rattvik\/#website","url":"https:\/\/hogtlagt.se\/rattvik\/","name":"H\u00f6gt &amp; L\u00e5gt R\u00e4ttvik","description":"","potentialAction":[{"@type":"SearchAction","target":{"@type":"EntryPoint","urlTemplate":"https:\/\/hogtlagt.se\/rattvik\/?s={search_term_string}"},"query-input":{"@type":"PropertyValueSpecification","valueRequired":true,"valueName":"search_term_string"}}],"inLanguage":"sv-SE"}]}},"_links":{"self":[{"href":"https:\/\/hogtlagt.se\/rattvik\/wp-json\/wp\/v2\/pages\/619","targetHints":{"allow":["GET"]}}],"collection":[{"href":"https:\/\/hogtlagt.se\/rattvik\/wp-json\/wp\/v2\/pages"}],"about":[{"href":"https:\/\/hogtlagt.se\/rattvik\/wp-json\/wp\/v2\/types\/page"}],"author":[{"embeddable":true,"href":"https:\/\/hogtlagt.se\/rattvik\/wp-json\/wp\/v2\/users\/6"}],"replies":[{"embeddable":true,"href":"https:\/\/hogtlagt.se\/rattvik\/wp-json\/wp\/v2\/comments?post=619"}],"version-history":[{"count":16,"href":"https:\/\/hogtlagt.se\/rattvik\/wp-json\/wp\/v2\/pages\/619\/revisions"}],"predecessor-version":[{"id":2182,"href":"https:\/\/hogtlagt.se\/rattvik\/wp-json\/wp\/v2\/pages\/619\/revisions\/2182"}],"up":[{"embeddable":true,"href":"https:\/\/hogtlagt.se\/rattvik\/wp-json\/wp\/v2\/pages\/617"}],"wp:featuredmedia":[{"embeddable":true,"href":"https:\/\/hogtlagt.se\/rattvik\/wp-json\/wp\/v2\/media\/1569"}],"wp:attachment":[{"href":"https:\/\/hogtlagt.se\/rattvik\/wp-json\/wp\/v2\/media?parent=619"}],"curies":[{"name":"wp","href":"https:\/\/api.w.org\/{rel}","templated":true}]}}