{"id":1393,"date":"2021-10-06T13:06:13","date_gmt":"2021-10-06T13:06:13","guid":{"rendered":"https:\/\/hogtlagt.se\/?page_id=446"},"modified":"2025-07-26T15:52:41","modified_gmt":"2025-07-26T13:52:41","slug":"presentkort","status":"publish","type":"page","link":"https:\/\/hogtlagt.se\/halmstad\/presentkort\/","title":{"rendered":"Presentkort"},"content":{"rendered":"\n<h2 class=\"wp-block-heading\">Hur funkar presentkort p\u00e5 H\u00f6gt &amp; L\u00e5gt?<\/h2>\n\n\n\n<div style=\"height:19px\" aria-hidden=\"true\" class=\"wp-block-spacer\"><\/div>\n\n\n\n<div class=\"wp-block-columns 4-col-giftcard is-layout-flex wp-container-core-columns-is-layout-28f84493 wp-block-columns-is-layout-flex\">\n<div class=\"wp-block-column is-layout-flow wp-block-column-is-layout-flow\">\n<figure class=\"wp-block-image aligncenter size-large is-resized\"><img decoding=\"async\" src=\"https:\/\/hogtlagt.se\/wp-content\/uploads\/2021\/10\/Asset-4.svg\" alt=\"\" class=\"wp-image-475\" style=\"width:130px;height:150px\" \/><\/figure>\n\n\n\n<p>1 presentkort ger 3 timmars kl\u00e4ttring och g\u00e4ller i den park de \u00e4r k\u00f6pta i.<\/p>\n<\/div>\n\n\n\n<div class=\"wp-block-column is-layout-flow wp-block-column-is-layout-flow\">\n<figure class=\"wp-block-image aligncenter size-large is-resized\"><img decoding=\"async\" src=\"https:\/\/hogtlagt.se\/wp-content\/uploads\/2021\/10\/Asset-2.svg\" alt=\"\" class=\"wp-image-473\" style=\"width:130px;height:150px\" \/><\/figure>\n\n\n\n<p>Mottagaren bokar sitt kl\u00e4tterpass online och anger d\u00e5 koden fr\u00e5n presentkortet. Presentkorten \u00e4r giltiga i tv\u00e5 \u00e5r.<\/p>\n<\/div>\n\n\n\n<div class=\"wp-block-column is-layout-flow wp-block-column-is-layout-flow\">\n<figure class=\"wp-block-image aligncenter size-large is-resized\"><img decoding=\"async\" src=\"https:\/\/hogtlagt.se\/wp-content\/uploads\/2021\/10\/Asset-3.svg\" alt=\"\" class=\"wp-image-474\" style=\"width:130px;height:150px\" \/><\/figure>\n\n\n\n<p>Allt som beh\u00f6vs f\u00f6r att kl\u00e4ttra finns p\u00e5 plats, vi st\u00e5r f\u00f6r all utrustning och utbildning som beh\u00f6vs.<\/p>\n<\/div>\n\n\n\n<div class=\"wp-block-column is-layout-flow wp-block-column-is-layout-flow\">\n<figure class=\"wp-block-image aligncenter size-large is-resized\"><img decoding=\"async\" src=\"https:\/\/hogtlagt.se\/wp-content\/uploads\/2021\/10\/Asset-1.svg\" alt=\"\" class=\"wp-image-472\" style=\"width:130px;height:150px\" \/><\/figure>\n\n\n\n<p>Sj\u00e4lvklart finns erfarna och utbildade instrukt\u00f6rer p\u00e5 plats f\u00f6r att se till att det blir en s\u00e4ker och rolig upplevelse.<\/p>\n<\/div>\n<\/div>\n\n\n\n<div style=\"height:60px\" aria-hidden=\"true\" class=\"wp-block-spacer\"><\/div>\n\n\n\n<div class=\"wp-block-columns is-layout-flex wp-container-core-columns-is-layout-28f84493 wp-block-columns-is-layout-flex\">\n<div class=\"wp-block-column is-layout-flow wp-block-column-is-layout-flow\">\n<div id=\"rounded-box-block_fa1b4604cca9786b8b239a13b3204a67\" class=\"rounded-box-block rounded-box has-background has-primary-background-color\">\n    <div class=\"rounded-box__inner no-image\">\n        <div class=\"acf-innerblocks-container\">\n\n<h3 class=\"wp-block-heading\">K\u00f6p presentkort<\/h3>\n\n\n\n<p>K\u00f6p presentkort och ge bort tre timmars \u00e4ventyr. Du kommer f\u00e5 presentkortet i form av en kod p\u00e5 din mejl. Koden anv\u00e4nds sen f\u00f6r att betala med n\u00e4r du k\u00f6per ett kl\u00e4tterpass i parken. Presentkorten g\u00e4ller i Halmstadparken och \u00e4r giltiga i tv\u00e5 \u00e5r.<\/p>\n\n\n\n<p><\/p>\n\n\n<div class=\"wp-block-html\">\n<script>\n  var APP_ID=\"76b4ef3818888a0454069ac740f58a28f7f25cf2af24cfa1054f516ab6f67356\";\n  var WIDGET_ID=\"UgzRBQybedcYCn2\";\n  if (typeof window.outventuresSettings == \"undefined\") {window.outventuresSettings = [];}\n  window.outventuresSettings.push({\n    base_url: \"https:\/\/app.outventures.se\/widget\/\",\n    app_id: APP_ID,\n    widget_id: WIDGET_ID,\n    floating: false,\n    btn_text: {\"sv\":\"K\u00f6p presentkort\",\"en\":\"Buy giftcard\"},\n    btn_style: { \"size\": \"large\", \"bg\": \"#ec6707\", \"color\": \"#ffffff\"},\n    list_view: \"products\",\n    product_types: [\"products\",\"vouchers\"],\n    categories: [1767],\n  });\n<\/script>\n<script id=\"ovbs-scriptUgzRBQybedcYCn2\">var w=window;var l=function(){var s=document.createElement(\"script\");s.type=\"text\/javascript\";s.async=true;s.src=\"https:\/\/app.outventures.se\/widget\/widget.js\";if(document.querySelectorAll('[src=\"' + s.src + '\"]').length == 0){var x=document.getElementsByTagName(\"script\")[0];x.parentNode.insertBefore(s, x);}};if(w.attachEvent){w.attachEvent(\"onload\",l);}else{w.addEventListener(\"load\",l,false);}<\/script>\n<\/div>\n<\/div>\n            <\/div>\n<\/div>\n<\/div>\n\n\n\n<div class=\"wp-block-column is-layout-flow wp-block-column-is-layout-flow\">\n<div id=\"rounded-box-block_4846a78197b20800949e39b06526aa65\" class=\"rounded-box-block rounded-box has-background has-dark-background-color\">\n    <div class=\"rounded-box__inner no-image\">\n        <div class=\"acf-innerblocks-container\">\n\n<h3 class=\"wp-block-heading has-light-color has-text-color has-link-color wp-elements-e24b7d6143abbffec1759ab44079d411\">Ska du ge bort presentkortet?<\/h3>\n\n\n\n<p class=\"has-light-color has-text-color has-link-color wp-elements-e1a89eab70454fc81aee444d72c7982f\">H\u00e4r kan du ladda ner och skriva ut en A4 PDF d\u00e4r du sedan fyller i vem presentkortet \u00e4r till och fr\u00e5n samt summa och kod. Du kan v\u00e4lja mellan teman God Jul, Grattis och en Generell PDF som finns i b\u00e5de f\u00e4rg och svartvitt.<\/p>\n\n\n\n<div class=\"wp-block-buttons is-layout-flex wp-block-buttons-is-layout-flex\">\n<div class=\"wp-block-button\"><a class=\"wp-block-button__link has-tertiary-background-color has-background wp-element-button\" href=\"https:\/\/hogtlagt.se\/halmstad\/wp-content\/uploads\/sites\/19\/2025\/04\/Presentkort-godjul-Halmstad.pdf\" target=\"_blank\" rel=\"noreferrer noopener\">God Jul PDF<\/a><\/div>\n\n\n\n<div class=\"wp-block-button\"><a class=\"wp-block-button__link has-tertiary-background-color has-background wp-element-button\" href=\"https:\/\/hogtlagt.se\/halmstad\/wp-content\/uploads\/sites\/19\/2025\/04\/Presentkort-grattis-Halmstad.pdf\" target=\"_blank\" rel=\"noreferrer noopener\">Grattis PDF<\/a><\/div>\n\n\n\n<div class=\"wp-block-button\"><a class=\"wp-block-button__link has-tertiary-background-color has-background wp-element-button\" href=\"https:\/\/hogtlagt.se\/halmstad\/wp-content\/uploads\/sites\/19\/2025\/04\/Presentkort-generell-Halmstad.pdf\" target=\"_blank\" rel=\"noreferrer noopener\">Generell PDF<\/a><\/div>\n<\/div>\n\n\n\n<div style=\"height:16px\" aria-hidden=\"true\" class=\"wp-block-spacer\"><\/div>\n\n\n\n<div class=\"wp-block-buttons is-layout-flex wp-block-buttons-is-layout-flex\">\n<div class=\"wp-block-button\"><a class=\"wp-block-button__link has-tertiary-background-color has-background wp-element-button\" href=\"https:\/\/hogtlagt.se\/halmstad\/wp-content\/uploads\/sites\/19\/2025\/04\/Presentkort.pdf\" target=\"_blank\" rel=\"noreferrer noopener\">Generell svartvit PDF<\/a><\/div>\n<\/div>\n\n<\/div>\n            <\/div>\n<\/div>\n<\/div>\n<\/div>\n\n\n\n<div id=\"rounded-box-block_e76eef62bc9cb6261f267b8d9d325b06\" class=\"rounded-box-block rounded-box\">\n    <div class=\"rounded-box__inner image-bottom\">\n        <div class=\"acf-innerblocks-container\">\n\n<h3 class=\"wp-block-heading\">Vilket presentkort ska jag v\u00e4lja?<\/h3>\n\n\n\n<p>Du kan antingen v\u00e4lja ett presentkort som motsvarar summan p\u00e5 v\u00e5ra biljetter f\u00f6r respektive \u00e5lderskategori. Biljettkategorierna \u00e4r 5-9 \u00e5r, 10-64 \u00e5r och 65+ \u00e5r. Alternativt har vi presentkort som \u00e4r laddade med och som kostar 1000 kr och 1500 kr.<\/p>\n\n\n\n<p>Alla v\u00e5ra presentkort \u00e4r digitala. Du kommer f\u00e5 ett mejl med en kod som sedan anv\u00e4nds som betalning n\u00e4r du k\u00f6per en kl\u00e4tterbiljett. Ska du ge bort presentkortet kan du ladda ner och skriva ut v\u00e5ra f\u00e4rdiga PDF:er med tema \u201dGod Jul\u201d, \u201dGrattis\u201d eller \u201dGenerell\u201d (generell finns b\u00e5de i f\u00e4rg och svartvit) som du sj\u00e4lv fyller i och kan ge bort.<\/p>\n\n<\/div>\n                    <div class=\"rounded-box__img-wrapper\">\n                <img decoding=\"async\" class=\"rounded-box__img image-bottom\" src=\"https:\/\/hogtlagt.se\/halmstad\/wp-content\/uploads\/sites\/19\/2020\/06\/Hogt-Lagt-WEBB-1221.jpg\" alt=\"\">\n            <\/div>\n            <\/div>\n<\/div>\n\n\n\n<div style=\"height:60px\" aria-hidden=\"true\" class=\"wp-block-spacer\"><\/div>\n\n\n\n<div class=\"wp-block-cover alignfull\" style=\"min-height:376px;aspect-ratio:unset;\"><img loading=\"lazy\" decoding=\"async\" width=\"2048\" height=\"1365\" class=\"wp-block-cover__image-background wp-image-1278\" alt=\"\" src=\"https:\/\/hogtlagt.se\/halmstad\/wp-content\/uploads\/sites\/19\/2023\/12\/Hogt-Lagt-WEBB-1235.jpg\" style=\"object-position:50% 66%\" data-object-fit=\"cover\" data-object-position=\"50% 66%\" srcset=\"https:\/\/hogtlagt.se\/halmstad\/wp-content\/uploads\/sites\/19\/2023\/12\/Hogt-Lagt-WEBB-1235.jpg 2048w, https:\/\/hogtlagt.se\/halmstad\/wp-content\/uploads\/sites\/19\/2023\/12\/Hogt-Lagt-WEBB-1235-300x200.jpg 300w, https:\/\/hogtlagt.se\/halmstad\/wp-content\/uploads\/sites\/19\/2023\/12\/Hogt-Lagt-WEBB-1235-1024x683.jpg 1024w, https:\/\/hogtlagt.se\/halmstad\/wp-content\/uploads\/sites\/19\/2023\/12\/Hogt-Lagt-WEBB-1235-768x512.jpg 768w, https:\/\/hogtlagt.se\/halmstad\/wp-content\/uploads\/sites\/19\/2023\/12\/Hogt-Lagt-WEBB-1235-1536x1024.jpg 1536w\" sizes=\"auto, (max-width: 2048px) 100vw, 2048px\" \/><span aria-hidden=\"true\" class=\"wp-block-cover__background has-background-dim\"><\/span><div class=\"wp-block-cover__inner-container has-global-padding is-layout-constrained wp-block-cover-is-layout-constrained\">\n<p class=\"has-text-align-center\" style=\"font-size:25px\">Allt vi g\u00f6r genomsyras av v\u00e5ra grundl\u00e4ggande v\u00e4rden&nbsp;<em>Genomarbetat, S\u00e4kert, Innovativt, Inkluderande<\/em>&nbsp;och&nbsp;<em>Utmanande.<\/em>&nbsp;Vi \u00e4r drivna, vi arbetar h\u00e5rt, vi brinner f\u00f6r varje kunds upplevelse, vi \u00e4r med och utvecklar branschen och vi har j\u00e4kligt roligt medans vi g\u00f6r det!<\/p>\n<\/div><\/div>\n","protected":false},"excerpt":{"rendered":"<p>Hur funkar presentkort p\u00e5 H\u00f6gt &amp; L\u00e5gt? 1 presentkort ger 3 timmars kl\u00e4ttring och g\u00e4ller i den park de \u00e4r k\u00f6pta i. Mottagaren bokar sitt kl\u00e4tterpass online och anger d\u00e5&#8230;<\/p>\n","protected":false},"author":15,"featured_media":0,"parent":0,"menu_order":0,"comment_status":"closed","ping_status":"closed","template":"templates\/giftcard.php","meta":{"_acf_changed":false,"inline_featured_image":false,"footnotes":""},"class_list":["post-1393","page","type-page","status-publish"],"acf":[],"yoast_head":"<!-- This site is optimized with the Yoast SEO plugin v26.1.1 - https:\/\/yoast.com\/wordpress\/plugins\/seo\/ -->\n<title>Presentkort - H\u00f6gt &amp; L\u00e5gt Halmstad<\/title>\n<meta name=\"robots\" content=\"index, follow, max-snippet:-1, max-image-preview:large, max-video-preview:-1\" \/>\n<link rel=\"canonical\" href=\"https:\/\/hogtlagt.se\/halmstad\/presentkort\/\" \/>\n<meta property=\"og:locale\" content=\"sv_SE\" \/>\n<meta property=\"og:type\" content=\"article\" \/>\n<meta property=\"og:title\" content=\"Presentkort - H\u00f6gt &amp; L\u00e5gt Halmstad\" \/>\n<meta property=\"og:description\" content=\"Hur funkar presentkort p\u00e5 H\u00f6gt &amp; L\u00e5gt? 1 presentkort ger 3 timmars kl\u00e4ttring och g\u00e4ller i den park de \u00e4r k\u00f6pta i. Mottagaren bokar sitt kl\u00e4tterpass online och anger d\u00e5...\" \/>\n<meta property=\"og:url\" content=\"https:\/\/hogtlagt.se\/halmstad\/presentkort\/\" \/>\n<meta property=\"og:site_name\" content=\"H\u00f6gt &amp; L\u00e5gt Halmstad\" \/>\n<meta property=\"article:modified_time\" content=\"2025-07-26T13:52:41+00:00\" \/>\n<meta name=\"twitter:card\" content=\"summary_large_image\" \/>\n<meta name=\"twitter:label1\" content=\"Ber\u00e4knad l\u00e4stid\" \/>\n\t<meta name=\"twitter:data1\" content=\"3 minuter\" \/>\n<script type=\"application\/ld+json\" class=\"yoast-schema-graph\">{\"@context\":\"https:\/\/schema.org\",\"@graph\":[{\"@type\":\"WebPage\",\"@id\":\"https:\/\/hogtlagt.se\/halmstad\/presentkort\/\",\"url\":\"https:\/\/hogtlagt.se\/halmstad\/presentkort\/\",\"name\":\"Presentkort - H\u00f6gt & L\u00e5gt Halmstad\",\"isPartOf\":{\"@id\":\"https:\/\/hogtlagt.se\/halmstad\/#website\"},\"primaryImageOfPage\":{\"@id\":\"https:\/\/hogtlagt.se\/halmstad\/presentkort\/#primaryimage\"},\"image\":{\"@id\":\"https:\/\/hogtlagt.se\/halmstad\/presentkort\/#primaryimage\"},\"thumbnailUrl\":\"https:\/\/hogtlagt.se\/wp-content\/uploads\/2021\/10\/Asset-4.svg\",\"datePublished\":\"2021-10-06T13:06:13+00:00\",\"dateModified\":\"2025-07-26T13:52:41+00:00\",\"breadcrumb\":{\"@id\":\"https:\/\/hogtlagt.se\/halmstad\/presentkort\/#breadcrumb\"},\"inLanguage\":\"sv-SE\",\"potentialAction\":[{\"@type\":\"ReadAction\",\"target\":[\"https:\/\/hogtlagt.se\/halmstad\/presentkort\/\"]}]},{\"@type\":\"ImageObject\",\"inLanguage\":\"sv-SE\",\"@id\":\"https:\/\/hogtlagt.se\/halmstad\/presentkort\/#primaryimage\",\"url\":\"https:\/\/hogtlagt.se\/wp-content\/uploads\/2021\/10\/Asset-4.svg\",\"contentUrl\":\"https:\/\/hogtlagt.se\/wp-content\/uploads\/2021\/10\/Asset-4.svg\"},{\"@type\":\"BreadcrumbList\",\"@id\":\"https:\/\/hogtlagt.se\/halmstad\/presentkort\/#breadcrumb\",\"itemListElement\":[{\"@type\":\"ListItem\",\"position\":1,\"name\":\"Hem\",\"item\":\"https:\/\/hogtlagt.se\/halmstad\/\"},{\"@type\":\"ListItem\",\"position\":2,\"name\":\"Presentkort\"}]},{\"@type\":\"WebSite\",\"@id\":\"https:\/\/hogtlagt.se\/halmstad\/#website\",\"url\":\"https:\/\/hogtlagt.se\/halmstad\/\",\"name\":\"H\u00f6gt & L\u00e5gt Halmstad\",\"description\":\"\",\"potentialAction\":[{\"@type\":\"SearchAction\",\"target\":{\"@type\":\"EntryPoint\",\"urlTemplate\":\"https:\/\/hogtlagt.se\/halmstad\/?s={search_term_string}\"},\"query-input\":{\"@type\":\"PropertyValueSpecification\",\"valueRequired\":true,\"valueName\":\"search_term_string\"}}],\"inLanguage\":\"sv-SE\"}]}<\/script>\n<!-- \/ Yoast SEO plugin. -->","yoast_head_json":{"title":"Presentkort - H\u00f6gt & L\u00e5gt Halmstad","robots":{"index":"index","follow":"follow","max-snippet":"max-snippet:-1","max-image-preview":"max-image-preview:large","max-video-preview":"max-video-preview:-1"},"canonical":"https:\/\/hogtlagt.se\/halmstad\/presentkort\/","og_locale":"sv_SE","og_type":"article","og_title":"Presentkort - H\u00f6gt & L\u00e5gt Halmstad","og_description":"Hur funkar presentkort p\u00e5 H\u00f6gt &amp; L\u00e5gt? 1 presentkort ger 3 timmars kl\u00e4ttring och g\u00e4ller i den park de \u00e4r k\u00f6pta i. Mottagaren bokar sitt kl\u00e4tterpass online och anger d\u00e5...","og_url":"https:\/\/hogtlagt.se\/halmstad\/presentkort\/","og_site_name":"H\u00f6gt & L\u00e5gt Halmstad","article_modified_time":"2025-07-26T13:52:41+00:00","twitter_card":"summary_large_image","twitter_misc":{"Ber\u00e4knad l\u00e4stid":"3 minuter"},"schema":{"@context":"https:\/\/schema.org","@graph":[{"@type":"WebPage","@id":"https:\/\/hogtlagt.se\/halmstad\/presentkort\/","url":"https:\/\/hogtlagt.se\/halmstad\/presentkort\/","name":"Presentkort - H\u00f6gt & L\u00e5gt Halmstad","isPartOf":{"@id":"https:\/\/hogtlagt.se\/halmstad\/#website"},"primaryImageOfPage":{"@id":"https:\/\/hogtlagt.se\/halmstad\/presentkort\/#primaryimage"},"image":{"@id":"https:\/\/hogtlagt.se\/halmstad\/presentkort\/#primaryimage"},"thumbnailUrl":"https:\/\/hogtlagt.se\/wp-content\/uploads\/2021\/10\/Asset-4.svg","datePublished":"2021-10-06T13:06:13+00:00","dateModified":"2025-07-26T13:52:41+00:00","breadcrumb":{"@id":"https:\/\/hogtlagt.se\/halmstad\/presentkort\/#breadcrumb"},"inLanguage":"sv-SE","potentialAction":[{"@type":"ReadAction","target":["https:\/\/hogtlagt.se\/halmstad\/presentkort\/"]}]},{"@type":"ImageObject","inLanguage":"sv-SE","@id":"https:\/\/hogtlagt.se\/halmstad\/presentkort\/#primaryimage","url":"https:\/\/hogtlagt.se\/wp-content\/uploads\/2021\/10\/Asset-4.svg","contentUrl":"https:\/\/hogtlagt.se\/wp-content\/uploads\/2021\/10\/Asset-4.svg"},{"@type":"BreadcrumbList","@id":"https:\/\/hogtlagt.se\/halmstad\/presentkort\/#breadcrumb","itemListElement":[{"@type":"ListItem","position":1,"name":"Hem","item":"https:\/\/hogtlagt.se\/halmstad\/"},{"@type":"ListItem","position":2,"name":"Presentkort"}]},{"@type":"WebSite","@id":"https:\/\/hogtlagt.se\/halmstad\/#website","url":"https:\/\/hogtlagt.se\/halmstad\/","name":"H\u00f6gt & L\u00e5gt Halmstad","description":"","potentialAction":[{"@type":"SearchAction","target":{"@type":"EntryPoint","urlTemplate":"https:\/\/hogtlagt.se\/halmstad\/?s={search_term_string}"},"query-input":{"@type":"PropertyValueSpecification","valueRequired":true,"valueName":"search_term_string"}}],"inLanguage":"sv-SE"}]}},"_links":{"self":[{"href":"https:\/\/hogtlagt.se\/halmstad\/wp-json\/wp\/v2\/pages\/1393","targetHints":{"allow":["GET"]}}],"collection":[{"href":"https:\/\/hogtlagt.se\/halmstad\/wp-json\/wp\/v2\/pages"}],"about":[{"href":"https:\/\/hogtlagt.se\/halmstad\/wp-json\/wp\/v2\/types\/page"}],"author":[{"embeddable":true,"href":"https:\/\/hogtlagt.se\/halmstad\/wp-json\/wp\/v2\/users\/15"}],"replies":[{"embeddable":true,"href":"https:\/\/hogtlagt.se\/halmstad\/wp-json\/wp\/v2\/comments?post=1393"}],"version-history":[{"count":25,"href":"https:\/\/hogtlagt.se\/halmstad\/wp-json\/wp\/v2\/pages\/1393\/revisions"}],"predecessor-version":[{"id":1660,"href":"https:\/\/hogtlagt.se\/halmstad\/wp-json\/wp\/v2\/pages\/1393\/revisions\/1660"}],"wp:attachment":[{"href":"https:\/\/hogtlagt.se\/halmstad\/wp-json\/wp\/v2\/media?parent=1393"}],"curies":[{"name":"wp","href":"https:\/\/api.w.org\/{rel}","templated":true}]}}