{"id":812,"date":"2021-12-10T09:44:21","date_gmt":"2021-12-10T08:44:21","guid":{"rendered":"https:\/\/hogtlagt.se\/gavle\/?page_id=812"},"modified":"2024-02-16T15:58:38","modified_gmt":"2024-02-16T14:58:38","slug":"the-park-and-our-obstacle-courses","status":"publish","type":"page","link":"https:\/\/hogtlagt.se\/gavle\/en\/the-climbing-park\/the-park-and-our-obstacle-courses\/","title":{"rendered":"The park and our obstacle-courses"},"content":{"rendered":"\n<div class=\"wp-block-cover alignfull\" style=\"min-height:600px;aspect-ratio:unset;\"><span aria-hidden=\"true\" class=\"wp-block-cover__background has-background-dim-30 has-background-dim\"><\/span><img loading=\"lazy\" decoding=\"async\" width=\"2048\" height=\"1365\" class=\"wp-block-cover__image-background wp-image-1378\" alt=\"\" src=\"https:\/\/hogtlagt.se\/gavle\/wp-content\/uploads\/sites\/6\/2023\/10\/va\u030ara-ho\u0308gho\u0308jdsbanor-1.jpg\" data-object-fit=\"cover\" srcset=\"https:\/\/hogtlagt.se\/gavle\/wp-content\/uploads\/sites\/6\/2023\/10\/va\u030ara-ho\u0308gho\u0308jdsbanor-1.jpg 2048w, https:\/\/hogtlagt.se\/gavle\/wp-content\/uploads\/sites\/6\/2023\/10\/va\u030ara-ho\u0308gho\u0308jdsbanor-1-300x200.jpg 300w, https:\/\/hogtlagt.se\/gavle\/wp-content\/uploads\/sites\/6\/2023\/10\/va\u030ara-ho\u0308gho\u0308jdsbanor-1-1024x683.jpg 1024w, https:\/\/hogtlagt.se\/gavle\/wp-content\/uploads\/sites\/6\/2023\/10\/va\u030ara-ho\u0308gho\u0308jdsbanor-1-768x512.jpg 768w, https:\/\/hogtlagt.se\/gavle\/wp-content\/uploads\/sites\/6\/2023\/10\/va\u030ara-ho\u0308gho\u0308jdsbanor-1-1536x1024.jpg 1536w\" sizes=\"auto, (max-width: 2048px) 100vw, 2048px\" \/><div class=\"wp-block-cover__inner-container has-global-padding is-layout-constrained wp-block-cover-is-layout-constrained\">\n<h2 class=\"wp-block-heading has-text-align-center\" style=\"font-size:55px\">The park and our courses<\/h2>\n<\/div><\/div>\n\n\n\n<div style=\"height:100px\" aria-hidden=\"true\" class=\"wp-block-spacer\"><\/div>\n\n\n\n<h2 class=\"wp-block-heading\">Climbing adventure at obstacle courses in G\u00e4vle<\/h2>\n\n\n\n<div style=\"height:24px\" aria-hidden=\"true\" class=\"wp-block-spacer\"><\/div>\n\n\n\n<p>The climbingpark in G\u00e4vle is beautifully situated in the forest at Hemlingby outdoor area. The park is open to everybody and only those who are going to climb need to buy tickets. We have plenty of tables and seating areas and we also have several grills which are free to use for barbecuing.<\/p>\n\n\n\n<p>The tickets allow three hours of climbing and during that time you can climb as many obstacle courses as many times as you want. Which ticket to buy is dependent on the age of the climber. Once in the park you are allowed to climb as much as you want as long as you meet the minimum hight requirement of each course. Children under the age of 6 years old must be accompanied by a climbing adult in the green courses, and children under the age of 10 must be accompanied by a climbing adult in the blue and red courses. In the orange course, adults can accompany children from the ground (without buying a ticket or using a harness).<\/p>\n\n\n\n<p>In order to be able to climb, the following rules apply:<br>-Maximum weight: 120 kg<br>-You are not pregnant<br>-You are not under the influence of drugs or alcohol<br>-You must participate in the safety briefing and climb the training course before climbing in the park<br>-You must follow the rules of the park (which we will go through during the safety briefing)<\/p>\n\n\n\n<p>We recommend climbing with gloves, but it is not a requirement. It is fine to bring your own gloves (preferably gardening-gloves), and we also sell gloves for 35 kr\/pair at the park.<\/p>\n\n\n\n<figure class=\"wp-block-image aligncenter size-large is-resized\"><img loading=\"lazy\" decoding=\"async\" width=\"790\" height=\"837\" src=\"https:\/\/hogtlagt.se\/gavle\/wp-content\/uploads\/sites\/6\/2023\/12\/Lager-2-2.svg\" alt=\"\" class=\"wp-image-1499\" style=\"width:267px;height:auto\"\/><\/figure>\n\n\n\n    <div class=\"icon-list\">\n\n            \n        <div class=\"icon-list-item\">\n            <div class=\"il-img\">\n                <img decoding=\"async\" src=\"https:\/\/hogtlagt.se\/gavle\/wp-content\/uploads\/sites\/6\/2020\/03\/HL-ikon-14.svg\" class=\"attachment-icon size-icon\" alt=\"\" \/>            <\/div>\n            <div class=\"icon-list-content\">\n                <h3>Description of our courses <\/h3>\n                <p><strong>Lilla bocken<\/strong><br \/>\nMinimum hight: <em>80 cm<\/em><br \/>\nDegree of difficulty: <em>Orange (very easy)<\/em><br \/>\nAbout the course: This is our easiest course for our youngest visitors, or if you want to start your climbing adventure close to the ground! Adults can help children from the ground (without buying a ticket for themselves or wear a harness). This course finishes with a long and really cool zipline!<\/p>\n<p>&nbsp;<\/p>\n<p><strong>Stora bocken<\/strong><br \/>\nMinimum hight: <em>110 cm (children under 6 years old are required to climb with an adult)<\/em><br \/>\nDegree of difficulty: <em>Light green (fairly easy).<\/em><br \/>\nAbout the course: Now it is even higher up, and in this course, you have to climb a horizontal climbing wall! This course is many peoples&#8217; favourite course.<\/p>\n<p>&nbsp;<\/p>\n<p><strong>Stadsvandring<\/strong><br \/>\nMinimum hight: <em>110 cm (children under 6 years old are required to climb with an adult)<\/em><br \/>\nDegree of difficulty: <em>Dark green (easy)<\/em><br \/>\nAbout the course: This course is perfect to start with for the entire family. Get comfortable with the equipment! But watch out, now you are about 4-5 meters up in the trees. This course also has a long and super nice zipline!<\/p>\n<p>&nbsp;<\/p>\n<p><strong>Bifrost<\/strong><br \/>\nDegree of difficulty: <em>Light blue (medium challenging)<\/em><br \/>\nMinimum hight: <em>140 cm (children under 10 years old are required to climb with an adult)<\/em><br \/>\nAbout the course: This course begins with a long zipline which takes you straight through the park. After that you keep climbing further into the woods. Have fun!<\/p>\n<p>&nbsp;<\/p>\n<p><strong>Upp i det bl\u00e5<\/strong><br \/>\nDegree of difficulty: <em>Dark blue (medium challenging)<\/em><br \/>\nMinimum hight: <em>140 cm (children under 10 years old are required to climb with an adult)<\/em><br \/>\nAbout the course: This spectacular course is as high as 12 metres above the ground, so look out where you place your feet. You will also zipline above people jumping and playing in our skynet!<\/p>\n<p>&nbsp;<\/p>\n<p><strong>P\u00e5 riktigt?<\/strong><br \/>\nMinimum hight: <em>150 cm (children under 10 years old are required to climb with an adult)<\/em><br \/>\nDegree of difficulty: <em>Red (difficult)<\/em><br \/>\nAbout the course: This is not only our highest, but also our most difficult course! Once up, there is no going back. Are you up for the challenge? Oh, and by the way, you come down from the course by jumping from a platform over 10 metres up \u2013 sounds fun?<\/p>\n<p>&nbsp;<\/p>\n<p><strong>Skynet<\/strong><br \/>\nIn the middle of the park, surrounded by the obstacle courses, we have a bouncy castle made by a large net, 4 metres above the ground. You enter through a wooden hut. Welcome!<\/p>\n            <\/div>\n        <\/div>\n\n            \n    <\/div>\n\n    \n\n\n<div style=\"height:47px\" aria-hidden=\"true\" class=\"wp-block-spacer\"><\/div>\n\n\n\n<div style=\"height:46px\" aria-hidden=\"true\" class=\"wp-block-spacer\"><\/div>\n\n\n\n<div class=\"wp-block-group is-layout-flow wp-block-group-is-layout-flow\">\n<figure class=\"wp-block-image aligncenter size-large\"><img decoding=\"async\" src=\"https:\/\/hogtlagt.se\/gavle\/wp-content\/uploads\/sites\/6\/2022\/04\/NYparkkartaGa\u0308vle.svg\" alt=\"\" class=\"wp-image-1054\"\/><\/figure>\n<\/div>\n\n\n\n<div style=\"height:100px\" aria-hidden=\"true\" class=\"wp-block-spacer\"><\/div>\n\n\n\n<div class=\"wp-block-cover alignfull\" style=\"min-height:376px;aspect-ratio:unset;\"><span aria-hidden=\"true\" class=\"wp-block-cover__background has-background-dim\"><\/span><img loading=\"lazy\" decoding=\"async\" width=\"2048\" height=\"1365\" class=\"wp-block-cover__image-background wp-image-1477\" alt=\"\" src=\"https:\/\/hogtlagt.se\/gavle\/wp-content\/uploads\/sites\/6\/2023\/12\/Hogt-Lagt-WEBB-1235.jpg\" style=\"object-position:50% 66%\" data-object-fit=\"cover\" data-object-position=\"50% 66%\" srcset=\"https:\/\/hogtlagt.se\/gavle\/wp-content\/uploads\/sites\/6\/2023\/12\/Hogt-Lagt-WEBB-1235.jpg 2048w, https:\/\/hogtlagt.se\/gavle\/wp-content\/uploads\/sites\/6\/2023\/12\/Hogt-Lagt-WEBB-1235-300x200.jpg 300w, https:\/\/hogtlagt.se\/gavle\/wp-content\/uploads\/sites\/6\/2023\/12\/Hogt-Lagt-WEBB-1235-1024x683.jpg 1024w, https:\/\/hogtlagt.se\/gavle\/wp-content\/uploads\/sites\/6\/2023\/12\/Hogt-Lagt-WEBB-1235-768x512.jpg 768w, https:\/\/hogtlagt.se\/gavle\/wp-content\/uploads\/sites\/6\/2023\/12\/Hogt-Lagt-WEBB-1235-1536x1024.jpg 1536w\" sizes=\"auto, (max-width: 2048px) 100vw, 2048px\" \/><div class=\"wp-block-cover__inner-container has-global-padding is-layout-constrained wp-block-cover-is-layout-constrained\">\n<p class=\"has-text-align-center\" style=\"font-size:25px\">Everything we do stems from our fundamental values&nbsp;<em>Thorough, Safe, Innovative, Including<\/em>&nbsp;and&nbsp;<em>Challenging<\/em>. We are passionate, we work hard, we care about the experience of each single visitor, we take part in the development of this industry and we have SO much fun along the way!<\/p>\n<\/div><\/div>\n","protected":false},"excerpt":{"rendered":"<p>Climbing adventure at obstacle courses in G\u00e4vle The climbingpark in G\u00e4vle is beautifully situated in the forest at Hemlingby outdoor area. The park is open to everybody and only those&#8230;<\/p>\n","protected":false},"author":6,"featured_media":1346,"parent":778,"menu_order":1,"comment_status":"closed","ping_status":"closed","template":"templates\/empty.php","meta":{"_acf_changed":false,"inline_featured_image":false,"footnotes":""},"class_list":["post-812","page","type-page","status-publish","has-post-thumbnail"],"acf":[],"yoast_head":"<!-- This site is optimized with the Yoast SEO plugin v26.1.1 - https:\/\/yoast.com\/wordpress\/plugins\/seo\/ -->\n<title>The park and out obstacle courses in G\u00e4vle. Activities for children and adults!<\/title>\n<meta name=\"description\" content=\"In G\u00e4vle we have these high-altitude courses .. Book an appointment for the whole family, class or company\" \/>\n<meta name=\"robots\" content=\"index, follow, max-snippet:-1, max-image-preview:large, max-video-preview:-1\" \/>\n<link rel=\"canonical\" href=\"https:\/\/hogtlagt.se\/gavle\/en\/the-climbing-park\/the-park-and-our-obstacle-courses\/\" \/>\n<meta property=\"og:locale\" content=\"sv_SE\" \/>\n<meta property=\"og:type\" content=\"article\" \/>\n<meta property=\"og:title\" content=\"The park and out obstacle courses in G\u00e4vle. Activities for children and adults!\" \/>\n<meta property=\"og:description\" content=\"In G\u00e4vle we have these high-altitude courses .. Book an appointment for the whole family, class or company\" \/>\n<meta property=\"og:url\" content=\"https:\/\/hogtlagt.se\/gavle\/en\/the-climbing-park\/the-park-and-our-obstacle-courses\/\" \/>\n<meta property=\"og:site_name\" content=\"H\u00f6gt &amp; L\u00e5gt G\u00e4vle\" \/>\n<meta property=\"article:modified_time\" content=\"2024-02-16T14:58:38+00:00\" \/>\n<meta property=\"og:image\" content=\"https:\/\/hogtlagt.se\/gavle\/wp-content\/uploads\/sites\/6\/2023\/10\/va\u030ara-ho\u0308gho\u0308jdsbanor.jpg\" \/>\n\t<meta property=\"og:image:width\" content=\"2048\" \/>\n\t<meta property=\"og:image:height\" content=\"1365\" \/>\n\t<meta property=\"og:image:type\" content=\"image\/jpeg\" \/>\n<meta name=\"twitter:card\" content=\"summary_large_image\" \/>\n<meta name=\"twitter:label1\" content=\"Ber\u00e4knad l\u00e4stid\" \/>\n\t<meta name=\"twitter:data1\" content=\"3 minuter\" \/>\n<script type=\"application\/ld+json\" class=\"yoast-schema-graph\">{\"@context\":\"https:\/\/schema.org\",\"@graph\":[{\"@type\":\"WebPage\",\"@id\":\"https:\/\/hogtlagt.se\/gavle\/en\/the-climbing-park\/the-park-and-our-obstacle-courses\/\",\"url\":\"https:\/\/hogtlagt.se\/gavle\/en\/the-climbing-park\/the-park-and-our-obstacle-courses\/\",\"name\":\"The park and out obstacle courses in G\u00e4vle. Activities for children and adults!\",\"isPartOf\":{\"@id\":\"https:\/\/hogtlagt.se\/gavle\/#website\"},\"primaryImageOfPage\":{\"@id\":\"https:\/\/hogtlagt.se\/gavle\/en\/the-climbing-park\/the-park-and-our-obstacle-courses\/#primaryimage\"},\"image\":{\"@id\":\"https:\/\/hogtlagt.se\/gavle\/en\/the-climbing-park\/the-park-and-our-obstacle-courses\/#primaryimage\"},\"thumbnailUrl\":\"https:\/\/hogtlagt.se\/gavle\/wp-content\/uploads\/sites\/6\/2023\/10\/va\u030ara-ho\u0308gho\u0308jdsbanor.jpg\",\"datePublished\":\"2021-12-10T08:44:21+00:00\",\"dateModified\":\"2024-02-16T14:58:38+00:00\",\"description\":\"In G\u00e4vle we have these high-altitude courses .. Book an appointment for the whole family, class or company\",\"breadcrumb\":{\"@id\":\"https:\/\/hogtlagt.se\/gavle\/en\/the-climbing-park\/the-park-and-our-obstacle-courses\/#breadcrumb\"},\"inLanguage\":\"sv-SE\",\"potentialAction\":[{\"@type\":\"ReadAction\",\"target\":[\"https:\/\/hogtlagt.se\/gavle\/en\/the-climbing-park\/the-park-and-our-obstacle-courses\/\"]}]},{\"@type\":\"ImageObject\",\"inLanguage\":\"sv-SE\",\"@id\":\"https:\/\/hogtlagt.se\/gavle\/en\/the-climbing-park\/the-park-and-our-obstacle-courses\/#primaryimage\",\"url\":\"https:\/\/hogtlagt.se\/gavle\/wp-content\/uploads\/sites\/6\/2023\/10\/va\u030ara-ho\u0308gho\u0308jdsbanor.jpg\",\"contentUrl\":\"https:\/\/hogtlagt.se\/gavle\/wp-content\/uploads\/sites\/6\/2023\/10\/va\u030ara-ho\u0308gho\u0308jdsbanor.jpg\",\"width\":2048,\"height\":1365,\"caption\":\"20200607 H\u00f6gt &amp; L\u00e5gt i Karlstad. Foto: Fredrik Karlsson\/SolstaFoto\"},{\"@type\":\"BreadcrumbList\",\"@id\":\"https:\/\/hogtlagt.se\/gavle\/en\/the-climbing-park\/the-park-and-our-obstacle-courses\/#breadcrumb\",\"itemListElement\":[{\"@type\":\"ListItem\",\"position\":1,\"name\":\"Hem\",\"item\":\"https:\/\/hogtlagt.se\/gavle\/\"},{\"@type\":\"ListItem\",\"position\":2,\"name\":\"The climbing park\",\"item\":\"https:\/\/hogtlagt.se\/gavle\/en\/the-climbing-park\/\"},{\"@type\":\"ListItem\",\"position\":3,\"name\":\"The park and our obstacle-courses\"}]},{\"@type\":\"WebSite\",\"@id\":\"https:\/\/hogtlagt.se\/gavle\/#website\",\"url\":\"https:\/\/hogtlagt.se\/gavle\/\",\"name\":\"H\u00f6gt &amp; L\u00e5gt G\u00e4vle\",\"description\":\"En till H\u00f6gt &amp; L\u00e5gt webbplats\",\"potentialAction\":[{\"@type\":\"SearchAction\",\"target\":{\"@type\":\"EntryPoint\",\"urlTemplate\":\"https:\/\/hogtlagt.se\/gavle\/?s={search_term_string}\"},\"query-input\":{\"@type\":\"PropertyValueSpecification\",\"valueRequired\":true,\"valueName\":\"search_term_string\"}}],\"inLanguage\":\"sv-SE\"}]}<\/script>\n<!-- \/ Yoast SEO plugin. -->","yoast_head_json":{"title":"The park and out obstacle courses in G\u00e4vle. Activities for children and adults!","description":"In G\u00e4vle we have these high-altitude courses .. Book an appointment for the whole family, class or company","robots":{"index":"index","follow":"follow","max-snippet":"max-snippet:-1","max-image-preview":"max-image-preview:large","max-video-preview":"max-video-preview:-1"},"canonical":"https:\/\/hogtlagt.se\/gavle\/en\/the-climbing-park\/the-park-and-our-obstacle-courses\/","og_locale":"sv_SE","og_type":"article","og_title":"The park and out obstacle courses in G\u00e4vle. Activities for children and adults!","og_description":"In G\u00e4vle we have these high-altitude courses .. Book an appointment for the whole family, class or company","og_url":"https:\/\/hogtlagt.se\/gavle\/en\/the-climbing-park\/the-park-and-our-obstacle-courses\/","og_site_name":"H\u00f6gt &amp; L\u00e5gt G\u00e4vle","article_modified_time":"2024-02-16T14:58:38+00:00","og_image":[{"width":2048,"height":1365,"url":"https:\/\/hogtlagt.se\/gavle\/wp-content\/uploads\/sites\/6\/2023\/10\/va\u030ara-ho\u0308gho\u0308jdsbanor.jpg","type":"image\/jpeg"}],"twitter_card":"summary_large_image","twitter_misc":{"Ber\u00e4knad l\u00e4stid":"3 minuter"},"schema":{"@context":"https:\/\/schema.org","@graph":[{"@type":"WebPage","@id":"https:\/\/hogtlagt.se\/gavle\/en\/the-climbing-park\/the-park-and-our-obstacle-courses\/","url":"https:\/\/hogtlagt.se\/gavle\/en\/the-climbing-park\/the-park-and-our-obstacle-courses\/","name":"The park and out obstacle courses in G\u00e4vle. Activities for children and adults!","isPartOf":{"@id":"https:\/\/hogtlagt.se\/gavle\/#website"},"primaryImageOfPage":{"@id":"https:\/\/hogtlagt.se\/gavle\/en\/the-climbing-park\/the-park-and-our-obstacle-courses\/#primaryimage"},"image":{"@id":"https:\/\/hogtlagt.se\/gavle\/en\/the-climbing-park\/the-park-and-our-obstacle-courses\/#primaryimage"},"thumbnailUrl":"https:\/\/hogtlagt.se\/gavle\/wp-content\/uploads\/sites\/6\/2023\/10\/va\u030ara-ho\u0308gho\u0308jdsbanor.jpg","datePublished":"2021-12-10T08:44:21+00:00","dateModified":"2024-02-16T14:58:38+00:00","description":"In G\u00e4vle we have these high-altitude courses .. Book an appointment for the whole family, class or company","breadcrumb":{"@id":"https:\/\/hogtlagt.se\/gavle\/en\/the-climbing-park\/the-park-and-our-obstacle-courses\/#breadcrumb"},"inLanguage":"sv-SE","potentialAction":[{"@type":"ReadAction","target":["https:\/\/hogtlagt.se\/gavle\/en\/the-climbing-park\/the-park-and-our-obstacle-courses\/"]}]},{"@type":"ImageObject","inLanguage":"sv-SE","@id":"https:\/\/hogtlagt.se\/gavle\/en\/the-climbing-park\/the-park-and-our-obstacle-courses\/#primaryimage","url":"https:\/\/hogtlagt.se\/gavle\/wp-content\/uploads\/sites\/6\/2023\/10\/va\u030ara-ho\u0308gho\u0308jdsbanor.jpg","contentUrl":"https:\/\/hogtlagt.se\/gavle\/wp-content\/uploads\/sites\/6\/2023\/10\/va\u030ara-ho\u0308gho\u0308jdsbanor.jpg","width":2048,"height":1365,"caption":"20200607 H\u00f6gt &amp; L\u00e5gt i Karlstad. Foto: Fredrik Karlsson\/SolstaFoto"},{"@type":"BreadcrumbList","@id":"https:\/\/hogtlagt.se\/gavle\/en\/the-climbing-park\/the-park-and-our-obstacle-courses\/#breadcrumb","itemListElement":[{"@type":"ListItem","position":1,"name":"Hem","item":"https:\/\/hogtlagt.se\/gavle\/"},{"@type":"ListItem","position":2,"name":"The climbing park","item":"https:\/\/hogtlagt.se\/gavle\/en\/the-climbing-park\/"},{"@type":"ListItem","position":3,"name":"The park and our obstacle-courses"}]},{"@type":"WebSite","@id":"https:\/\/hogtlagt.se\/gavle\/#website","url":"https:\/\/hogtlagt.se\/gavle\/","name":"H\u00f6gt &amp; L\u00e5gt G\u00e4vle","description":"En till H\u00f6gt &amp; L\u00e5gt webbplats","potentialAction":[{"@type":"SearchAction","target":{"@type":"EntryPoint","urlTemplate":"https:\/\/hogtlagt.se\/gavle\/?s={search_term_string}"},"query-input":{"@type":"PropertyValueSpecification","valueRequired":true,"valueName":"search_term_string"}}],"inLanguage":"sv-SE"}]}},"_links":{"self":[{"href":"https:\/\/hogtlagt.se\/gavle\/wp-json\/wp\/v2\/pages\/812","targetHints":{"allow":["GET"]}}],"collection":[{"href":"https:\/\/hogtlagt.se\/gavle\/wp-json\/wp\/v2\/pages"}],"about":[{"href":"https:\/\/hogtlagt.se\/gavle\/wp-json\/wp\/v2\/types\/page"}],"author":[{"embeddable":true,"href":"https:\/\/hogtlagt.se\/gavle\/wp-json\/wp\/v2\/users\/6"}],"replies":[{"embeddable":true,"href":"https:\/\/hogtlagt.se\/gavle\/wp-json\/wp\/v2\/comments?post=812"}],"version-history":[{"count":15,"href":"https:\/\/hogtlagt.se\/gavle\/wp-json\/wp\/v2\/pages\/812\/revisions"}],"predecessor-version":[{"id":1613,"href":"https:\/\/hogtlagt.se\/gavle\/wp-json\/wp\/v2\/pages\/812\/revisions\/1613"}],"up":[{"embeddable":true,"href":"https:\/\/hogtlagt.se\/gavle\/wp-json\/wp\/v2\/pages\/778"}],"wp:featuredmedia":[{"embeddable":true,"href":"https:\/\/hogtlagt.se\/gavle\/wp-json\/wp\/v2\/media\/1346"}],"wp:attachment":[{"href":"https:\/\/hogtlagt.se\/gavle\/wp-json\/wp\/v2\/media?parent=812"}],"curies":[{"name":"wp","href":"https:\/\/api.w.org\/{rel}","templated":true}]}}