{"id":809,"date":"2021-12-10T09:33:49","date_gmt":"2021-12-10T08:33:49","guid":{"rendered":"https:\/\/hogtlagt.se\/gavle\/?page_id=809"},"modified":"2025-01-08T10:46:58","modified_gmt":"2025-01-08T09:46:58","slug":"climbing-adventure-for-school-groups-in-gavle","status":"publish","type":"page","link":"https:\/\/hogtlagt.se\/gavle\/en\/climbingpark-for-groups-corporate-events-in-gavle\/climbing-adventure-for-school-groups-in-gavle\/","title":{"rendered":"Climbing &#038; Adventure for School Groups in G\u00e4vle"},"content":{"rendered":"\n<div id=\"hero-block_05bb4e983c8222cc6371c35d7016deaa\" class=\"hero-block alignfull\">\n\n    <div class=\"hero-block__background\">\n                    <div class=\"hero-block__bg\">\n                                    <img decoding=\"async\" src=\"https:\/\/hogtlagt.se\/gavle\/wp-content\/uploads\/sites\/6\/2022\/03\/hogtochlagt-01-low-2018-scaled.jpg\" alt=\"Tv\u00e5 kompisar h\u00e5ller om varandra och str\u00e4cker upp h\u00e4nderna i luften, de \u00e4r mycket n\u00f6jda med att ha klarat av banorna\">\n                            <\/div>\n            <\/div>\n\n    <div class=\"hero-block__content\">\n        <div class=\"acf-innerblocks-container\">\n\n<h1 class=\"wp-block-heading has-light-color has-text-color\">Climbing &amp; adventure for school groups in G\u00e4vle<\/h1>\n\n<\/div>\n    <\/div>\n    <div class=\"hero-block__cta\">\n        \n            <\/div>\n    <div class=\"hero-block__scroll\">\n                    <button class=\"scroll-down\">\n                Scroll down!                <i class=\"icon-arrow\"><\/i>\n                        <\/button>\n    <\/div>\n<\/div>\n\n\n\n<div class=\"wp-block-columns is-layout-flex wp-container-core-columns-is-layout-28f84493 wp-block-columns-is-layout-flex\">\n<div class=\"wp-block-column is-layout-flow wp-block-column-is-layout-flow\">\n<p><strong>Do you want to do something fun for everyone in the class? Are you going on a field trip and want to do something superfun, challenging, exiting and something that encourages team work? Welcome to 2,5 hours of adventure at H\u00f6gt &amp; L\u00e5gt G\u00e4vle.<\/strong><\/p>\n<\/div>\n\n\n\n<div class=\"wp-block-column is-layout-flow wp-block-column-is-layout-flow\">\n<figure class=\"wp-block-image aligncenter size-large is-resized\"><img loading=\"lazy\" decoding=\"async\" width=\"159\" height=\"146\" src=\"https:\/\/hogtlagt.se\/gavle\/wp-content\/uploads\/sites\/6\/2023\/12\/Lager-114.svg\" alt=\"\" class=\"wp-image-1468\" style=\"width:200px;height:auto\"\/><\/figure>\n<\/div>\n<\/div>\n\n\n\n<div style=\"height:56px\" aria-hidden=\"true\" class=\"wp-block-spacer\"><\/div>\n\n\n\n<h2 class=\"wp-block-heading\">Climbing adventure for school groups<\/h2>\n\n\n\n<div id=\"rounded-box-block_060784f48be1c36239ee54da9b09063f\" class=\"rounded-box-block rounded-box\">\n    <div class=\"rounded-box__inner image-right\">\n        <div class=\"acf-innerblocks-container\">\n\n<p>For school\u00a0groups, in middle\u00a0school\u00a0and high school, we have a special offer where you and your class can come and climb at our park for 2,5 hours for only 260\u00a0kr\u00a0per student. The price includes everything\u00a0you need\u00a0such as\u00a0entry and equipment.\u00a0\u00a0\u00a0\u00a0<\/p>\n\n\n\n<p>This offer is valid on\u00a0weekdays during the semester.\u00a0You can choose a day and time that suits you. Minimum to book or pay for is 16 students.\u00a0We accept credit cards and\u00a0swish\u00a0at the park and we can also invoice.\u00a0<\/p>\n\n\n\n<p><strong>Price:<\/strong>\u00a0260:- per student.<\/p>\n\n\n\n<p>Minimum 16 students.<\/p>\n\n\n\n<p>In order to book, please send a request to&nbsp;<a href=\"mailto:gavle@hogtlagt.se\">gavle@hogtlagt.se<\/a><br><\/p>\n\n<\/div>\n                    <div class=\"rounded-box__img-wrapper\">\n                <img decoding=\"async\" class=\"rounded-box__img image-right\" src=\"https:\/\/hogtlagt.se\/gavle\/wp-content\/uploads\/sites\/6\/2020\/03\/28I1394-stor-308438-scaled-1.jpg\" alt=\"\">\n            <\/div>\n            <\/div>\n<\/div>\n\n\n\n<div style=\"height:100px\" aria-hidden=\"true\" class=\"wp-block-spacer\"><\/div>\n\n\n\n<figure class=\"wp-block-image aligncenter size-large\"><img loading=\"lazy\" decoding=\"async\" width=\"1024\" height=\"683\" src=\"https:\/\/hogtlagt.se\/gavle\/wp-content\/uploads\/sites\/6\/2023\/12\/Ungdom-zipline-scaled-1-1024x683.jpg\" alt=\"\" class=\"wp-image-1541\" srcset=\"https:\/\/hogtlagt.se\/gavle\/wp-content\/uploads\/sites\/6\/2023\/12\/Ungdom-zipline-scaled-1-1024x683.jpg 1024w, https:\/\/hogtlagt.se\/gavle\/wp-content\/uploads\/sites\/6\/2023\/12\/Ungdom-zipline-scaled-1-300x200.jpg 300w, https:\/\/hogtlagt.se\/gavle\/wp-content\/uploads\/sites\/6\/2023\/12\/Ungdom-zipline-scaled-1-768x512.jpg 768w, https:\/\/hogtlagt.se\/gavle\/wp-content\/uploads\/sites\/6\/2023\/12\/Ungdom-zipline-scaled-1-1536x1024.jpg 1536w, https:\/\/hogtlagt.se\/gavle\/wp-content\/uploads\/sites\/6\/2023\/12\/Ungdom-zipline-scaled-1-2048x1366.jpg 2048w\" sizes=\"auto, (max-width: 1024px) 100vw, 1024px\" \/><\/figure>\n\n\n\n<div style=\"height:100px\" aria-hidden=\"true\" class=\"wp-block-spacer\"><\/div>\n\n\n\n<div class=\"wp-block-cover alignfull\" style=\"min-height:376px;aspect-ratio:unset;\"><span aria-hidden=\"true\" class=\"wp-block-cover__background has-background-dim\"><\/span><img loading=\"lazy\" decoding=\"async\" width=\"2048\" height=\"1365\" class=\"wp-block-cover__image-background wp-image-1477\" alt=\"\" src=\"https:\/\/hogtlagt.se\/gavle\/wp-content\/uploads\/sites\/6\/2023\/12\/Hogt-Lagt-WEBB-1235.jpg\" style=\"object-position:50% 66%\" data-object-fit=\"cover\" data-object-position=\"50% 66%\" srcset=\"https:\/\/hogtlagt.se\/gavle\/wp-content\/uploads\/sites\/6\/2023\/12\/Hogt-Lagt-WEBB-1235.jpg 2048w, https:\/\/hogtlagt.se\/gavle\/wp-content\/uploads\/sites\/6\/2023\/12\/Hogt-Lagt-WEBB-1235-300x200.jpg 300w, https:\/\/hogtlagt.se\/gavle\/wp-content\/uploads\/sites\/6\/2023\/12\/Hogt-Lagt-WEBB-1235-1024x683.jpg 1024w, https:\/\/hogtlagt.se\/gavle\/wp-content\/uploads\/sites\/6\/2023\/12\/Hogt-Lagt-WEBB-1235-768x512.jpg 768w, https:\/\/hogtlagt.se\/gavle\/wp-content\/uploads\/sites\/6\/2023\/12\/Hogt-Lagt-WEBB-1235-1536x1024.jpg 1536w\" sizes=\"auto, (max-width: 2048px) 100vw, 2048px\" \/><div class=\"wp-block-cover__inner-container has-global-padding is-layout-constrained wp-block-cover-is-layout-constrained\">\n<p class=\"has-text-align-center\" style=\"font-size:25px\">Everything we do stems from our fundamental values&nbsp;<em>Thorough, Safe, Innovative, Including<\/em>&nbsp;and&nbsp;<em>Challenging<\/em>. We are passionate, we work hard, we care about the experience of each single visitor, we take part in the development of this industry and we have SO much fun along the way!<\/p>\n<\/div><\/div>\n","protected":false},"excerpt":{"rendered":"<p>Do you want to do something fun for everyone in the class? Are you going on a field trip and want to do something superfun, challenging, exiting and something that&#8230;<\/p>\n","protected":false},"author":6,"featured_media":155,"parent":776,"menu_order":3,"comment_status":"closed","ping_status":"closed","template":"templates\/empty.php","meta":{"_acf_changed":false,"inline_featured_image":false,"footnotes":""},"class_list":["post-809","page","type-page","status-publish","has-post-thumbnail"],"acf":[],"yoast_head":"<!-- This site is optimized with the Yoast SEO plugin v26.1.1 - https:\/\/yoast.com\/wordpress\/plugins\/seo\/ -->\n<title>Boka kl\u00e4tterpark i G\u00e4vle f\u00f6r skolan eller klassen!<\/title>\n<meta name=\"description\" content=\"V\u00e4lkommen till H\u00f6gt&amp;L\u00e5gt kl\u00e4tterpark i G\u00e4vle. Boka tid f\u00f6r skolan eller klassen och ha kul mellan hinder och utmaningar.\" \/>\n<meta name=\"robots\" content=\"index, follow, max-snippet:-1, max-image-preview:large, max-video-preview:-1\" \/>\n<link rel=\"canonical\" href=\"https:\/\/hogtlagt.se\/gavle\/en\/climbingpark-for-groups-corporate-events-in-gavle\/climbing-adventure-for-school-groups-in-gavle\/\" \/>\n<meta property=\"og:locale\" content=\"sv_SE\" \/>\n<meta property=\"og:type\" content=\"article\" \/>\n<meta property=\"og:title\" content=\"Boka kl\u00e4tterpark i G\u00e4vle f\u00f6r skolan eller klassen!\" \/>\n<meta property=\"og:description\" content=\"V\u00e4lkommen till H\u00f6gt&amp;L\u00e5gt kl\u00e4tterpark i G\u00e4vle. Boka tid f\u00f6r skolan eller klassen och ha kul mellan hinder och utmaningar.\" \/>\n<meta property=\"og:url\" content=\"https:\/\/hogtlagt.se\/gavle\/en\/climbingpark-for-groups-corporate-events-in-gavle\/climbing-adventure-for-school-groups-in-gavle\/\" \/>\n<meta property=\"og:site_name\" content=\"H\u00f6gt &amp; L\u00e5gt G\u00e4vle\" \/>\n<meta property=\"article:modified_time\" content=\"2025-01-08T09:46:58+00:00\" \/>\n<meta property=\"og:image\" content=\"https:\/\/hogtlagt.se\/gavle\/wp-content\/uploads\/sites\/6\/2020\/03\/28I1394-stor-308438-scaled-1.jpg\" \/>\n\t<meta property=\"og:image:width\" content=\"2560\" \/>\n\t<meta property=\"og:image:height\" content=\"1707\" \/>\n\t<meta property=\"og:image:type\" content=\"image\/jpeg\" \/>\n<meta name=\"twitter:card\" content=\"summary_large_image\" \/>\n<meta name=\"twitter:label1\" content=\"Ber\u00e4knad l\u00e4stid\" \/>\n\t<meta name=\"twitter:data1\" content=\"2 minuter\" \/>\n<script type=\"application\/ld+json\" class=\"yoast-schema-graph\">{\"@context\":\"https:\/\/schema.org\",\"@graph\":[{\"@type\":\"WebPage\",\"@id\":\"https:\/\/hogtlagt.se\/gavle\/en\/climbingpark-for-groups-corporate-events-in-gavle\/climbing-adventure-for-school-groups-in-gavle\/\",\"url\":\"https:\/\/hogtlagt.se\/gavle\/en\/climbingpark-for-groups-corporate-events-in-gavle\/climbing-adventure-for-school-groups-in-gavle\/\",\"name\":\"Boka kl\u00e4tterpark i G\u00e4vle f\u00f6r skolan eller klassen!\",\"isPartOf\":{\"@id\":\"https:\/\/hogtlagt.se\/gavle\/#website\"},\"primaryImageOfPage\":{\"@id\":\"https:\/\/hogtlagt.se\/gavle\/en\/climbingpark-for-groups-corporate-events-in-gavle\/climbing-adventure-for-school-groups-in-gavle\/#primaryimage\"},\"image\":{\"@id\":\"https:\/\/hogtlagt.se\/gavle\/en\/climbingpark-for-groups-corporate-events-in-gavle\/climbing-adventure-for-school-groups-in-gavle\/#primaryimage\"},\"thumbnailUrl\":\"https:\/\/hogtlagt.se\/gavle\/wp-content\/uploads\/sites\/6\/2020\/03\/28I1394-stor-308438-scaled-1.jpg\",\"datePublished\":\"2021-12-10T08:33:49+00:00\",\"dateModified\":\"2025-01-08T09:46:58+00:00\",\"description\":\"V\u00e4lkommen till H\u00f6gt&L\u00e5gt kl\u00e4tterpark i G\u00e4vle. Boka tid f\u00f6r skolan eller klassen och ha kul mellan hinder och utmaningar.\",\"breadcrumb\":{\"@id\":\"https:\/\/hogtlagt.se\/gavle\/en\/climbingpark-for-groups-corporate-events-in-gavle\/climbing-adventure-for-school-groups-in-gavle\/#breadcrumb\"},\"inLanguage\":\"sv-SE\",\"potentialAction\":[{\"@type\":\"ReadAction\",\"target\":[\"https:\/\/hogtlagt.se\/gavle\/en\/climbingpark-for-groups-corporate-events-in-gavle\/climbing-adventure-for-school-groups-in-gavle\/\"]}]},{\"@type\":\"ImageObject\",\"inLanguage\":\"sv-SE\",\"@id\":\"https:\/\/hogtlagt.se\/gavle\/en\/climbingpark-for-groups-corporate-events-in-gavle\/climbing-adventure-for-school-groups-in-gavle\/#primaryimage\",\"url\":\"https:\/\/hogtlagt.se\/gavle\/wp-content\/uploads\/sites\/6\/2020\/03\/28I1394-stor-308438-scaled-1.jpg\",\"contentUrl\":\"https:\/\/hogtlagt.se\/gavle\/wp-content\/uploads\/sites\/6\/2020\/03\/28I1394-stor-308438-scaled-1.jpg\",\"width\":2560,\"height\":1707},{\"@type\":\"BreadcrumbList\",\"@id\":\"https:\/\/hogtlagt.se\/gavle\/en\/climbingpark-for-groups-corporate-events-in-gavle\/climbing-adventure-for-school-groups-in-gavle\/#breadcrumb\",\"itemListElement\":[{\"@type\":\"ListItem\",\"position\":1,\"name\":\"Hem\",\"item\":\"https:\/\/hogtlagt.se\/gavle\/\"},{\"@type\":\"ListItem\",\"position\":2,\"name\":\"Climbingpark for groups &#038; corporate events in G\u00e4vle\",\"item\":\"https:\/\/hogtlagt.se\/gavle\/en\/climbingpark-for-groups-corporate-events-in-gavle\/\"},{\"@type\":\"ListItem\",\"position\":3,\"name\":\"Climbing &#038; Adventure for School Groups in G\u00e4vle\"}]},{\"@type\":\"WebSite\",\"@id\":\"https:\/\/hogtlagt.se\/gavle\/#website\",\"url\":\"https:\/\/hogtlagt.se\/gavle\/\",\"name\":\"H\u00f6gt &amp; L\u00e5gt G\u00e4vle\",\"description\":\"En till H\u00f6gt &amp; L\u00e5gt webbplats\",\"potentialAction\":[{\"@type\":\"SearchAction\",\"target\":{\"@type\":\"EntryPoint\",\"urlTemplate\":\"https:\/\/hogtlagt.se\/gavle\/?s={search_term_string}\"},\"query-input\":{\"@type\":\"PropertyValueSpecification\",\"valueRequired\":true,\"valueName\":\"search_term_string\"}}],\"inLanguage\":\"sv-SE\"}]}<\/script>\n<!-- \/ Yoast SEO plugin. -->","yoast_head_json":{"title":"Boka kl\u00e4tterpark i G\u00e4vle f\u00f6r skolan eller klassen!","description":"V\u00e4lkommen till H\u00f6gt&L\u00e5gt kl\u00e4tterpark i G\u00e4vle. Boka tid f\u00f6r skolan eller klassen och ha kul mellan hinder och utmaningar.","robots":{"index":"index","follow":"follow","max-snippet":"max-snippet:-1","max-image-preview":"max-image-preview:large","max-video-preview":"max-video-preview:-1"},"canonical":"https:\/\/hogtlagt.se\/gavle\/en\/climbingpark-for-groups-corporate-events-in-gavle\/climbing-adventure-for-school-groups-in-gavle\/","og_locale":"sv_SE","og_type":"article","og_title":"Boka kl\u00e4tterpark i G\u00e4vle f\u00f6r skolan eller klassen!","og_description":"V\u00e4lkommen till H\u00f6gt&L\u00e5gt kl\u00e4tterpark i G\u00e4vle. Boka tid f\u00f6r skolan eller klassen och ha kul mellan hinder och utmaningar.","og_url":"https:\/\/hogtlagt.se\/gavle\/en\/climbingpark-for-groups-corporate-events-in-gavle\/climbing-adventure-for-school-groups-in-gavle\/","og_site_name":"H\u00f6gt &amp; L\u00e5gt G\u00e4vle","article_modified_time":"2025-01-08T09:46:58+00:00","og_image":[{"width":2560,"height":1707,"url":"https:\/\/hogtlagt.se\/gavle\/wp-content\/uploads\/sites\/6\/2020\/03\/28I1394-stor-308438-scaled-1.jpg","type":"image\/jpeg"}],"twitter_card":"summary_large_image","twitter_misc":{"Ber\u00e4knad l\u00e4stid":"2 minuter"},"schema":{"@context":"https:\/\/schema.org","@graph":[{"@type":"WebPage","@id":"https:\/\/hogtlagt.se\/gavle\/en\/climbingpark-for-groups-corporate-events-in-gavle\/climbing-adventure-for-school-groups-in-gavle\/","url":"https:\/\/hogtlagt.se\/gavle\/en\/climbingpark-for-groups-corporate-events-in-gavle\/climbing-adventure-for-school-groups-in-gavle\/","name":"Boka kl\u00e4tterpark i G\u00e4vle f\u00f6r skolan eller klassen!","isPartOf":{"@id":"https:\/\/hogtlagt.se\/gavle\/#website"},"primaryImageOfPage":{"@id":"https:\/\/hogtlagt.se\/gavle\/en\/climbingpark-for-groups-corporate-events-in-gavle\/climbing-adventure-for-school-groups-in-gavle\/#primaryimage"},"image":{"@id":"https:\/\/hogtlagt.se\/gavle\/en\/climbingpark-for-groups-corporate-events-in-gavle\/climbing-adventure-for-school-groups-in-gavle\/#primaryimage"},"thumbnailUrl":"https:\/\/hogtlagt.se\/gavle\/wp-content\/uploads\/sites\/6\/2020\/03\/28I1394-stor-308438-scaled-1.jpg","datePublished":"2021-12-10T08:33:49+00:00","dateModified":"2025-01-08T09:46:58+00:00","description":"V\u00e4lkommen till H\u00f6gt&L\u00e5gt kl\u00e4tterpark i G\u00e4vle. Boka tid f\u00f6r skolan eller klassen och ha kul mellan hinder och utmaningar.","breadcrumb":{"@id":"https:\/\/hogtlagt.se\/gavle\/en\/climbingpark-for-groups-corporate-events-in-gavle\/climbing-adventure-for-school-groups-in-gavle\/#breadcrumb"},"inLanguage":"sv-SE","potentialAction":[{"@type":"ReadAction","target":["https:\/\/hogtlagt.se\/gavle\/en\/climbingpark-for-groups-corporate-events-in-gavle\/climbing-adventure-for-school-groups-in-gavle\/"]}]},{"@type":"ImageObject","inLanguage":"sv-SE","@id":"https:\/\/hogtlagt.se\/gavle\/en\/climbingpark-for-groups-corporate-events-in-gavle\/climbing-adventure-for-school-groups-in-gavle\/#primaryimage","url":"https:\/\/hogtlagt.se\/gavle\/wp-content\/uploads\/sites\/6\/2020\/03\/28I1394-stor-308438-scaled-1.jpg","contentUrl":"https:\/\/hogtlagt.se\/gavle\/wp-content\/uploads\/sites\/6\/2020\/03\/28I1394-stor-308438-scaled-1.jpg","width":2560,"height":1707},{"@type":"BreadcrumbList","@id":"https:\/\/hogtlagt.se\/gavle\/en\/climbingpark-for-groups-corporate-events-in-gavle\/climbing-adventure-for-school-groups-in-gavle\/#breadcrumb","itemListElement":[{"@type":"ListItem","position":1,"name":"Hem","item":"https:\/\/hogtlagt.se\/gavle\/"},{"@type":"ListItem","position":2,"name":"Climbingpark for groups &#038; corporate events in G\u00e4vle","item":"https:\/\/hogtlagt.se\/gavle\/en\/climbingpark-for-groups-corporate-events-in-gavle\/"},{"@type":"ListItem","position":3,"name":"Climbing &#038; Adventure for School Groups in G\u00e4vle"}]},{"@type":"WebSite","@id":"https:\/\/hogtlagt.se\/gavle\/#website","url":"https:\/\/hogtlagt.se\/gavle\/","name":"H\u00f6gt &amp; L\u00e5gt G\u00e4vle","description":"En till H\u00f6gt &amp; L\u00e5gt webbplats","potentialAction":[{"@type":"SearchAction","target":{"@type":"EntryPoint","urlTemplate":"https:\/\/hogtlagt.se\/gavle\/?s={search_term_string}"},"query-input":{"@type":"PropertyValueSpecification","valueRequired":true,"valueName":"search_term_string"}}],"inLanguage":"sv-SE"}]}},"_links":{"self":[{"href":"https:\/\/hogtlagt.se\/gavle\/wp-json\/wp\/v2\/pages\/809","targetHints":{"allow":["GET"]}}],"collection":[{"href":"https:\/\/hogtlagt.se\/gavle\/wp-json\/wp\/v2\/pages"}],"about":[{"href":"https:\/\/hogtlagt.se\/gavle\/wp-json\/wp\/v2\/types\/page"}],"author":[{"embeddable":true,"href":"https:\/\/hogtlagt.se\/gavle\/wp-json\/wp\/v2\/users\/6"}],"replies":[{"embeddable":true,"href":"https:\/\/hogtlagt.se\/gavle\/wp-json\/wp\/v2\/comments?post=809"}],"version-history":[{"count":7,"href":"https:\/\/hogtlagt.se\/gavle\/wp-json\/wp\/v2\/pages\/809\/revisions"}],"predecessor-version":[{"id":1692,"href":"https:\/\/hogtlagt.se\/gavle\/wp-json\/wp\/v2\/pages\/809\/revisions\/1692"}],"up":[{"embeddable":true,"href":"https:\/\/hogtlagt.se\/gavle\/wp-json\/wp\/v2\/pages\/776"}],"wp:featuredmedia":[{"embeddable":true,"href":"https:\/\/hogtlagt.se\/gavle\/wp-json\/wp\/v2\/media\/155"}],"wp:attachment":[{"href":"https:\/\/hogtlagt.se\/gavle\/wp-json\/wp\/v2\/media?parent=809"}],"curies":[{"name":"wp","href":"https:\/\/api.w.org\/{rel}","templated":true}]}}