{"id":1637,"date":"2024-04-15T21:41:54","date_gmt":"2024-04-15T19:41:54","guid":{"rendered":"https:\/\/hogtlagt.se\/gavle\/?page_id=1637"},"modified":"2026-02-02T12:52:28","modified_gmt":"2026-02-02T11:52:28","slug":"forening-forsamling","status":"publish","type":"page","link":"https:\/\/hogtlagt.se\/gavle\/grupper-foretag\/forening-forsamling\/","title":{"rendered":"Kl\u00e4ttring &amp; \u00c4ventyr f\u00f6r f\u00f6rening &#038; f\u00f6rsamling i G\u00e4vle"},"content":{"rendered":"\n<div id=\"hero-block_2c75ddf977a442a0f841100612f035ce\" class=\"hero-block alignfull\">\n\n    <div class=\"hero-block__background\">\n                    <div class=\"hero-block__bg\">\n                                    <img decoding=\"async\" src=\"https:\/\/hogtlagt.se\/gavle\/wp-content\/uploads\/sites\/6\/2024\/04\/NP0A5142.jpg\" alt=\"\">\n                            <\/div>\n            <\/div>\n\n    <div class=\"hero-block__content\">\n        <div class=\"acf-innerblocks-container\">\n\n<h1 class=\"wp-block-heading has-text-align-center has-light-color has-text-color\" style=\"font-size:55px\">Kl\u00e4tter\u00e4ventyr f\u00f6r hela laget i G\u00e4vle<\/h1>\n\n<\/div>\n    <\/div>\n    <div class=\"hero-block__cta\">\n        \n            <\/div>\n    <div class=\"hero-block__scroll\">\n                    <\/button>\n    <\/div>\n<\/div>\n\n\n\n<div style=\"height:24px\" aria-hidden=\"true\" class=\"wp-block-spacer\"><\/div>\n\n\n\n<div class=\"wp-block-columns is-layout-flex wp-container-core-columns-is-layout-28f84493 wp-block-columns-is-layout-flex\">\n<div class=\"wp-block-column is-layout-flow wp-block-column-is-layout-flow\">\n<p><strong><strong>Sedan 1 januari \u00e4ger och driver DOME kl\u00e4tterparken i Hemlingby. Vi h\u00e4nvisar alla f\u00f6rfr\u00e5gningar ang\u00e5ende gruppebs\u00f6k i parken till DOME:\u00a0<a href=\"https:\/\/www.thedome.se\/\" target=\"_blank\" rel=\"noreferrer noopener\">https:\/\/www.thedome.se\/<\/a>.<\/strong><\/strong><\/p>\n<\/div>\n\n\n\n<div class=\"wp-block-column is-layout-flow wp-block-column-is-layout-flow\">\n<figure class=\"wp-block-image aligncenter size-large is-resized\"><img loading=\"lazy\" decoding=\"async\" width=\"159\" height=\"146\" src=\"https:\/\/hogtlagt.se\/gavle\/wp-content\/uploads\/sites\/6\/2023\/12\/Lager-114.svg\" alt=\"\" class=\"wp-image-1468\" style=\"width:137px;height:auto\"\/><\/figure>\n<\/div>\n<\/div>\n\n\n\n<div style=\"height:26px\" aria-hidden=\"true\" class=\"wp-block-spacer\"><\/div>\n\n\n\n<div class=\"wp-block-columns is-layout-flex wp-container-core-columns-is-layout-28f84493 wp-block-columns-is-layout-flex\">\n<div class=\"wp-block-column is-layout-flow wp-block-column-is-layout-flow\">\n<div id=\"rounded-box-block_438fe4046a981b16948216ef303c909f\" class=\"rounded-box-block rounded-box has-background has-primary-background-color\">\n    <div class=\"rounded-box__inner image-bottom\">\n        <div class=\"acf-innerblocks-container\">\n\n<h2 class=\"wp-block-heading\">Lagets coolaste \u00e4ventyr<\/h2>\n\n\n\n<p>Boka in ett bes\u00f6k i parken d\u00e4r laget eller gruppen f\u00e5r se nya sidor av varandra och ha riktigt roligt tillsammans. Parken har 6 banor p\u00e5 1-15 meters h\u00f6jd. Ni f\u00e5r kl\u00e4ttra s\u00e5 mycket ni vill under er tid i parken.<\/p>\n\n\n\n<p>F\u00f6r att f\u00e5 kl\u00e4ttra g\u00e4ller maxvikt 120 kg samt att du ej \u00e4r gravid eller p\u00e5verkad av alkohol eller andra droger.<\/p>\n\n<\/div>\n                    <div class=\"rounded-box__img-wrapper\">\n                <img decoding=\"async\" class=\"rounded-box__img image-bottom\" src=\"https:\/\/hogtlagt.se\/gavle\/wp-content\/uploads\/sites\/6\/2024\/04\/WhatsApp-Image-2022-05-06-at-3.57-1.jpeg\" alt=\"\">\n            <\/div>\n            <\/div>\n<\/div>\n<\/div>\n\n\n\n<div class=\"wp-block-column is-layout-flow wp-block-column-is-layout-flow\">\n<div id=\"rounded-box-block_6034d2574b278cd204c36db0f9ed3254\" class=\"rounded-box-block rounded-box\">\n    <div class=\"rounded-box__inner image-bottom\">\n        <div class=\"acf-innerblocks-container\">\n\n<h2 class=\"wp-block-heading\"><strong>Utflykt f\u00f6r hela klassen<\/strong><\/h2>\n\n\n\n<p>Letar ni efter en rolig, sp\u00e4nnande och unik aktivitet f\u00f6r er f\u00f6rening, lag eller f\u00f6rsamling? Ett bes\u00f6k i parken \u00e4r garanterat succ\u00e9. V\u00e5ra instrukt\u00f6rer tar hand om gruppen och ser till att bes\u00f6kt blir lika s\u00e4kert som roligt!<\/p>\n\n\n\n<p>Se till att ta med fika eller mat att njuta av efter genomf\u00f6rda banor. I parken finns gott om bord och sittplatser samt grill.<\/p>\n\n<\/div>\n                    <div class=\"rounded-box__img-wrapper\">\n                <img decoding=\"async\" class=\"rounded-box__img image-bottom\" src=\"https:\/\/hogtlagt.se\/gavle\/wp-content\/uploads\/sites\/6\/2024\/04\/WhatsApp-Image-2022-05-06-at-4.01-6-1.jpeg\" alt=\"\">\n            <\/div>\n            <\/div>\n<\/div>\n<\/div>\n<\/div>\n\n\n\n<div id=\"rounded-box-block_591aea4a9cf2d4e2eba81fb84a2e6e55\" class=\"rounded-box-block rounded-box has-background has-dark-background-color\">\n    <div class=\"rounded-box__inner no-image\">\n        <div class=\"acf-innerblocks-container\">\n\n<div class=\"wp-block-columns is-layout-flex wp-container-core-columns-is-layout-28f84493 wp-block-columns-is-layout-flex\">\n<div class=\"wp-block-column is-vertically-aligned-center is-layout-flow wp-block-column-is-layout-flow\">\n<figure class=\"wp-block-image aligncenter size-large is-resized\"><img loading=\"lazy\" decoding=\"async\" width=\"201\" height=\"271\" src=\"https:\/\/hogtlagt.se\/gavle\/wp-content\/uploads\/sites\/6\/2023\/12\/Group-576-2.svg\" alt=\"\" class=\"wp-image-1476\" style=\"aspect-ratio:1.9060773480662982;width:537px;height:auto\"\/><\/figure>\n<\/div>\n\n\n\n<div class=\"wp-block-column is-layout-flow wp-block-column-is-layout-flow\">\n<h2 class=\"wp-block-heading has-light-color has-text-color\">Pris och bokningsvillkor<\/h2>\n\n\n\n<p class=\"has-light-color has-text-color has-link-color wp-elements-b1e9b897d42d91d7eb6e96a754f0fe08\">F\u00f6r f\u00f6reningar och f\u00f6rsamlingar erbjuder vi ett rabatterat pris vid bokning av st\u00f6rre grupper. Vi tar emot er s\u00e5v\u00e4l utanf\u00f6r som under ordinarie \u00f6ppettider och pris \u00e4r 260 kr per person. Minimum att boka \u00e4r 30 personer (eller fast pris).<\/p>\n\n\n\n<p class=\"has-light-color has-text-color has-link-color wp-elements-eb1aefac1f7ba91f73c2c0a6e642583a\">I priset ing\u00e5r allt ni beh\u00f6ver f\u00f6r bes\u00f6ket i form av utrustning och s\u00e4kerhetsutbildning. Det g\u00e5r bra att betala f\u00f6r bes\u00f6ket i f\u00f6rv\u00e4g (genom bokningsbekr\u00e4ftelsen), i parken (vi tar kort och swish) eller i efterhand (mot faktura). F\u00f6r fullst\u00e4ndiga boknings- och k\u00f6pvillkor, l\u00e4s&nbsp;<a href=\"https:\/\/hogtlagt.se\/gavle\/infor-besoket\/kopvillkor\/\">h\u00e4r<\/a>.<\/p>\n<\/div>\n<\/div>\n\n<\/div>\n            <\/div>\n<\/div>\n\n\n\n<div style=\"height:2rem\" aria-hidden=\"true\" class=\"wp-block-spacer\"><\/div>\n\n\n\n<div style=\"height:40px\" aria-hidden=\"true\" class=\"wp-block-spacer\"><\/div>\n\n\n\n<div class=\"wp-block-columns is-layout-flex wp-container-core-columns-is-layout-28f84493 wp-block-columns-is-layout-flex\">\n<div class=\"wp-block-column is-vertically-aligned-center is-layout-flow wp-block-column-is-layout-flow\">\n<figure class=\"wp-block-image aligncenter size-large is-resized\"><img decoding=\"async\" src=\"https:\/\/hogtlagt.se\/karlstad\/wp-content\/uploads\/sites\/4\/2021\/04\/lets_go_dark.svg\" alt=\"\" class=\"wp-image-418\" style=\"width:336px;height:236px\"\/><\/figure>\n<\/div>\n<\/div>\n","protected":false},"excerpt":{"rendered":"<p>Sedan 1 januari \u00e4ger och driver DOME kl\u00e4tterparken i Hemlingby. Vi h\u00e4nvisar alla f\u00f6rfr\u00e5gningar ang\u00e5ende gruppebs\u00f6k i parken till DOME:\u00a0https:\/\/www.thedome.se\/.<\/p>\n","protected":false},"author":15,"featured_media":1026,"parent":35,"menu_order":3,"comment_status":"closed","ping_status":"closed","template":"templates\/empty.php","meta":{"_acf_changed":false,"inline_featured_image":false,"footnotes":""},"class_list":["post-1637","page","type-page","status-publish","has-post-thumbnail"],"acf":[],"yoast_head":"<!-- This site is optimized with the Yoast SEO plugin v26.1.1 - https:\/\/yoast.com\/wordpress\/plugins\/seo\/ -->\n<title>Boka kl\u00e4tterpark i G\u00e4vle f\u00f6r skolan eller klassen!<\/title>\n<meta name=\"description\" content=\"V\u00e4lkommen till H\u00f6gt&amp;L\u00e5gt kl\u00e4tterpark i G\u00e4vle. Boka tid f\u00f6r skolan eller klassen och ha kul mellan hinder och utmaningar.\" \/>\n<meta name=\"robots\" content=\"index, follow, max-snippet:-1, max-image-preview:large, max-video-preview:-1\" \/>\n<link rel=\"canonical\" href=\"https:\/\/hogtlagt.se\/gavle\/grupper-foretag\/forening-forsamling\/\" \/>\n<meta property=\"og:locale\" content=\"sv_SE\" \/>\n<meta property=\"og:type\" content=\"article\" \/>\n<meta property=\"og:title\" content=\"Boka kl\u00e4tterpark i G\u00e4vle f\u00f6r skolan eller klassen!\" \/>\n<meta property=\"og:description\" content=\"V\u00e4lkommen till H\u00f6gt&amp;L\u00e5gt kl\u00e4tterpark i G\u00e4vle. Boka tid f\u00f6r skolan eller klassen och ha kul mellan hinder och utmaningar.\" \/>\n<meta property=\"og:url\" content=\"https:\/\/hogtlagt.se\/gavle\/grupper-foretag\/forening-forsamling\/\" \/>\n<meta property=\"og:site_name\" content=\"H\u00f6gt &amp; L\u00e5gt G\u00e4vle\" \/>\n<meta property=\"article:modified_time\" content=\"2026-02-02T11:52:28+00:00\" \/>\n<meta property=\"og:image\" content=\"https:\/\/hogtlagt.se\/gavle\/wp-content\/uploads\/sites\/6\/2022\/03\/hogtochlagt-01-low-2018-scaled.jpg\" \/>\n\t<meta property=\"og:image:width\" content=\"2560\" \/>\n\t<meta property=\"og:image:height\" content=\"1707\" \/>\n\t<meta property=\"og:image:type\" content=\"image\/jpeg\" \/>\n<meta name=\"twitter:card\" content=\"summary_large_image\" \/>\n<meta name=\"twitter:label1\" content=\"Ber\u00e4knad l\u00e4stid\" \/>\n\t<meta name=\"twitter:data1\" content=\"3 minuter\" \/>\n<script type=\"application\/ld+json\" class=\"yoast-schema-graph\">{\"@context\":\"https:\/\/schema.org\",\"@graph\":[{\"@type\":\"WebPage\",\"@id\":\"https:\/\/hogtlagt.se\/gavle\/grupper-foretag\/forening-forsamling\/\",\"url\":\"https:\/\/hogtlagt.se\/gavle\/grupper-foretag\/forening-forsamling\/\",\"name\":\"Boka kl\u00e4tterpark i G\u00e4vle f\u00f6r skolan eller klassen!\",\"isPartOf\":{\"@id\":\"https:\/\/hogtlagt.se\/gavle\/#website\"},\"primaryImageOfPage\":{\"@id\":\"https:\/\/hogtlagt.se\/gavle\/grupper-foretag\/forening-forsamling\/#primaryimage\"},\"image\":{\"@id\":\"https:\/\/hogtlagt.se\/gavle\/grupper-foretag\/forening-forsamling\/#primaryimage\"},\"thumbnailUrl\":\"https:\/\/hogtlagt.se\/gavle\/wp-content\/uploads\/sites\/6\/2022\/03\/hogtochlagt-01-low-2018-scaled.jpg\",\"datePublished\":\"2024-04-15T19:41:54+00:00\",\"dateModified\":\"2026-02-02T11:52:28+00:00\",\"description\":\"V\u00e4lkommen till H\u00f6gt&L\u00e5gt kl\u00e4tterpark i G\u00e4vle. Boka tid f\u00f6r skolan eller klassen och ha kul mellan hinder och utmaningar.\",\"breadcrumb\":{\"@id\":\"https:\/\/hogtlagt.se\/gavle\/grupper-foretag\/forening-forsamling\/#breadcrumb\"},\"inLanguage\":\"sv-SE\",\"potentialAction\":[{\"@type\":\"ReadAction\",\"target\":[\"https:\/\/hogtlagt.se\/gavle\/grupper-foretag\/forening-forsamling\/\"]}]},{\"@type\":\"ImageObject\",\"inLanguage\":\"sv-SE\",\"@id\":\"https:\/\/hogtlagt.se\/gavle\/grupper-foretag\/forening-forsamling\/#primaryimage\",\"url\":\"https:\/\/hogtlagt.se\/gavle\/wp-content\/uploads\/sites\/6\/2022\/03\/hogtochlagt-01-low-2018-scaled.jpg\",\"contentUrl\":\"https:\/\/hogtlagt.se\/gavle\/wp-content\/uploads\/sites\/6\/2022\/03\/hogtochlagt-01-low-2018-scaled.jpg\",\"width\":2560,\"height\":1707,\"caption\":\"Tv\u00e5 kompisar h\u00e5ller om varandra och str\u00e4cker upp h\u00e4nderna i luften, de \u00e4r mycket n\u00f6jda med att ha klarat av banorna\"},{\"@type\":\"BreadcrumbList\",\"@id\":\"https:\/\/hogtlagt.se\/gavle\/grupper-foretag\/forening-forsamling\/#breadcrumb\",\"itemListElement\":[{\"@type\":\"ListItem\",\"position\":1,\"name\":\"Hem\",\"item\":\"https:\/\/hogtlagt.se\/gavle\/\"},{\"@type\":\"ListItem\",\"position\":2,\"name\":\"Kl\u00e4tterpark f\u00f6r Grupper &amp; F\u00f6retag i G\u00e4vle\",\"item\":\"https:\/\/hogtlagt.se\/gavle\/grupper-foretag\/\"},{\"@type\":\"ListItem\",\"position\":3,\"name\":\"Kl\u00e4ttring &amp; \u00c4ventyr f\u00f6r f\u00f6rening &#038; f\u00f6rsamling i G\u00e4vle\"}]},{\"@type\":\"WebSite\",\"@id\":\"https:\/\/hogtlagt.se\/gavle\/#website\",\"url\":\"https:\/\/hogtlagt.se\/gavle\/\",\"name\":\"H\u00f6gt &amp; L\u00e5gt G\u00e4vle\",\"description\":\"En till H\u00f6gt &amp; L\u00e5gt webbplats\",\"potentialAction\":[{\"@type\":\"SearchAction\",\"target\":{\"@type\":\"EntryPoint\",\"urlTemplate\":\"https:\/\/hogtlagt.se\/gavle\/?s={search_term_string}\"},\"query-input\":{\"@type\":\"PropertyValueSpecification\",\"valueRequired\":true,\"valueName\":\"search_term_string\"}}],\"inLanguage\":\"sv-SE\"}]}<\/script>\n<!-- \/ Yoast SEO plugin. -->","yoast_head_json":{"title":"Boka kl\u00e4tterpark i G\u00e4vle f\u00f6r skolan eller klassen!","description":"V\u00e4lkommen till H\u00f6gt&L\u00e5gt kl\u00e4tterpark i G\u00e4vle. Boka tid f\u00f6r skolan eller klassen och ha kul mellan hinder och utmaningar.","robots":{"index":"index","follow":"follow","max-snippet":"max-snippet:-1","max-image-preview":"max-image-preview:large","max-video-preview":"max-video-preview:-1"},"canonical":"https:\/\/hogtlagt.se\/gavle\/grupper-foretag\/forening-forsamling\/","og_locale":"sv_SE","og_type":"article","og_title":"Boka kl\u00e4tterpark i G\u00e4vle f\u00f6r skolan eller klassen!","og_description":"V\u00e4lkommen till H\u00f6gt&L\u00e5gt kl\u00e4tterpark i G\u00e4vle. Boka tid f\u00f6r skolan eller klassen och ha kul mellan hinder och utmaningar.","og_url":"https:\/\/hogtlagt.se\/gavle\/grupper-foretag\/forening-forsamling\/","og_site_name":"H\u00f6gt &amp; L\u00e5gt G\u00e4vle","article_modified_time":"2026-02-02T11:52:28+00:00","og_image":[{"width":2560,"height":1707,"url":"https:\/\/hogtlagt.se\/gavle\/wp-content\/uploads\/sites\/6\/2022\/03\/hogtochlagt-01-low-2018-scaled.jpg","type":"image\/jpeg"}],"twitter_card":"summary_large_image","twitter_misc":{"Ber\u00e4knad l\u00e4stid":"3 minuter"},"schema":{"@context":"https:\/\/schema.org","@graph":[{"@type":"WebPage","@id":"https:\/\/hogtlagt.se\/gavle\/grupper-foretag\/forening-forsamling\/","url":"https:\/\/hogtlagt.se\/gavle\/grupper-foretag\/forening-forsamling\/","name":"Boka kl\u00e4tterpark i G\u00e4vle f\u00f6r skolan eller klassen!","isPartOf":{"@id":"https:\/\/hogtlagt.se\/gavle\/#website"},"primaryImageOfPage":{"@id":"https:\/\/hogtlagt.se\/gavle\/grupper-foretag\/forening-forsamling\/#primaryimage"},"image":{"@id":"https:\/\/hogtlagt.se\/gavle\/grupper-foretag\/forening-forsamling\/#primaryimage"},"thumbnailUrl":"https:\/\/hogtlagt.se\/gavle\/wp-content\/uploads\/sites\/6\/2022\/03\/hogtochlagt-01-low-2018-scaled.jpg","datePublished":"2024-04-15T19:41:54+00:00","dateModified":"2026-02-02T11:52:28+00:00","description":"V\u00e4lkommen till H\u00f6gt&L\u00e5gt kl\u00e4tterpark i G\u00e4vle. Boka tid f\u00f6r skolan eller klassen och ha kul mellan hinder och utmaningar.","breadcrumb":{"@id":"https:\/\/hogtlagt.se\/gavle\/grupper-foretag\/forening-forsamling\/#breadcrumb"},"inLanguage":"sv-SE","potentialAction":[{"@type":"ReadAction","target":["https:\/\/hogtlagt.se\/gavle\/grupper-foretag\/forening-forsamling\/"]}]},{"@type":"ImageObject","inLanguage":"sv-SE","@id":"https:\/\/hogtlagt.se\/gavle\/grupper-foretag\/forening-forsamling\/#primaryimage","url":"https:\/\/hogtlagt.se\/gavle\/wp-content\/uploads\/sites\/6\/2022\/03\/hogtochlagt-01-low-2018-scaled.jpg","contentUrl":"https:\/\/hogtlagt.se\/gavle\/wp-content\/uploads\/sites\/6\/2022\/03\/hogtochlagt-01-low-2018-scaled.jpg","width":2560,"height":1707,"caption":"Tv\u00e5 kompisar h\u00e5ller om varandra och str\u00e4cker upp h\u00e4nderna i luften, de \u00e4r mycket n\u00f6jda med att ha klarat av banorna"},{"@type":"BreadcrumbList","@id":"https:\/\/hogtlagt.se\/gavle\/grupper-foretag\/forening-forsamling\/#breadcrumb","itemListElement":[{"@type":"ListItem","position":1,"name":"Hem","item":"https:\/\/hogtlagt.se\/gavle\/"},{"@type":"ListItem","position":2,"name":"Kl\u00e4tterpark f\u00f6r Grupper &amp; F\u00f6retag i G\u00e4vle","item":"https:\/\/hogtlagt.se\/gavle\/grupper-foretag\/"},{"@type":"ListItem","position":3,"name":"Kl\u00e4ttring &amp; \u00c4ventyr f\u00f6r f\u00f6rening &#038; f\u00f6rsamling i G\u00e4vle"}]},{"@type":"WebSite","@id":"https:\/\/hogtlagt.se\/gavle\/#website","url":"https:\/\/hogtlagt.se\/gavle\/","name":"H\u00f6gt &amp; L\u00e5gt G\u00e4vle","description":"En till H\u00f6gt &amp; L\u00e5gt webbplats","potentialAction":[{"@type":"SearchAction","target":{"@type":"EntryPoint","urlTemplate":"https:\/\/hogtlagt.se\/gavle\/?s={search_term_string}"},"query-input":{"@type":"PropertyValueSpecification","valueRequired":true,"valueName":"search_term_string"}}],"inLanguage":"sv-SE"}]}},"_links":{"self":[{"href":"https:\/\/hogtlagt.se\/gavle\/wp-json\/wp\/v2\/pages\/1637","targetHints":{"allow":["GET"]}}],"collection":[{"href":"https:\/\/hogtlagt.se\/gavle\/wp-json\/wp\/v2\/pages"}],"about":[{"href":"https:\/\/hogtlagt.se\/gavle\/wp-json\/wp\/v2\/types\/page"}],"author":[{"embeddable":true,"href":"https:\/\/hogtlagt.se\/gavle\/wp-json\/wp\/v2\/users\/15"}],"replies":[{"embeddable":true,"href":"https:\/\/hogtlagt.se\/gavle\/wp-json\/wp\/v2\/comments?post=1637"}],"version-history":[{"count":4,"href":"https:\/\/hogtlagt.se\/gavle\/wp-json\/wp\/v2\/pages\/1637\/revisions"}],"predecessor-version":[{"id":1771,"href":"https:\/\/hogtlagt.se\/gavle\/wp-json\/wp\/v2\/pages\/1637\/revisions\/1771"}],"up":[{"embeddable":true,"href":"https:\/\/hogtlagt.se\/gavle\/wp-json\/wp\/v2\/pages\/35"}],"wp:featuredmedia":[{"embeddable":true,"href":"https:\/\/hogtlagt.se\/gavle\/wp-json\/wp\/v2\/media\/1026"}],"wp:attachment":[{"href":"https:\/\/hogtlagt.se\/gavle\/wp-json\/wp\/v2\/media?parent=1637"}],"curies":[{"name":"wp","href":"https:\/\/api.w.org\/{rel}","templated":true}]}}