{"id":631,"date":"2021-12-09T08:45:05","date_gmt":"2021-12-09T07:45:05","guid":{"rendered":"https:\/\/hogtlagt.se\/faro\/?page_id=631"},"modified":"2025-10-23T10:12:33","modified_gmt":"2025-10-23T08:12:33","slug":"food-and-beverages","status":"publish","type":"page","link":"https:\/\/hogtlagt.se\/faro\/en\/the-climbing-park\/food-and-beverages\/","title":{"rendered":"Food and beverages"},"content":{"rendered":"\n<div class=\"wp-block-cover alignfull is-light\" style=\"min-height:600px;aspect-ratio:unset;\"><img loading=\"lazy\" decoding=\"async\" width=\"2048\" height=\"1365\" class=\"wp-block-cover__image-background wp-image-1821\" alt=\"\" src=\"https:\/\/hogtlagt.se\/faro\/wp-content\/uploads\/sites\/22\/2023\/10\/Mat-och-dryck-1.jpg\" style=\"object-position:50% 16%\" data-object-fit=\"cover\" data-object-position=\"50% 16%\" srcset=\"https:\/\/hogtlagt.se\/faro\/wp-content\/uploads\/sites\/22\/2023\/10\/Mat-och-dryck-1.jpg 2048w, https:\/\/hogtlagt.se\/faro\/wp-content\/uploads\/sites\/22\/2023\/10\/Mat-och-dryck-1-300x200.jpg 300w, https:\/\/hogtlagt.se\/faro\/wp-content\/uploads\/sites\/22\/2023\/10\/Mat-och-dryck-1-1024x683.jpg 1024w, https:\/\/hogtlagt.se\/faro\/wp-content\/uploads\/sites\/22\/2023\/10\/Mat-och-dryck-1-768x512.jpg 768w, https:\/\/hogtlagt.se\/faro\/wp-content\/uploads\/sites\/22\/2023\/10\/Mat-och-dryck-1-1536x1024.jpg 1536w\" sizes=\"auto, (max-width: 2048px) 100vw, 2048px\" \/><span aria-hidden=\"true\" class=\"wp-block-cover__background has-background-dim-30 has-background-dim\"><\/span><div class=\"wp-block-cover__inner-container has-global-padding is-layout-constrained wp-block-cover-is-layout-constrained\">\n<h2 class=\"wp-block-heading has-text-align-center has-light-color has-text-color\" style=\"font-size:55px\">Snack break<\/h2>\n<\/div><\/div>\n\n\n\n<div style=\"height:100px\" aria-hidden=\"true\" class=\"wp-block-spacer\"><\/div>\n\n\n\n<div class=\"wp-block-columns is-layout-flex wp-container-core-columns-is-layout-28f84493 wp-block-columns-is-layout-flex\">\n<div class=\"wp-block-column is-layout-flow wp-block-column-is-layout-flow\">\n<figure class=\"wp-block-image size-large\"><img loading=\"lazy\" decoding=\"async\" width=\"1024\" height=\"544\" src=\"http:\/\/hogtlagt.se\/faro\/wp-content\/uploads\/sites\/22\/2020\/03\/bullar-o-kaffe-1024x544.jpg\" alt=\"\" class=\"wp-image-145\" srcset=\"https:\/\/hogtlagt.se\/faro\/wp-content\/uploads\/sites\/22\/2020\/03\/bullar-o-kaffe-1024x544.jpg 1024w, https:\/\/hogtlagt.se\/faro\/wp-content\/uploads\/sites\/22\/2020\/03\/bullar-o-kaffe-300x159.jpg 300w, https:\/\/hogtlagt.se\/faro\/wp-content\/uploads\/sites\/22\/2020\/03\/bullar-o-kaffe-768x408.jpg 768w, https:\/\/hogtlagt.se\/faro\/wp-content\/uploads\/sites\/22\/2020\/03\/bullar-o-kaffe.jpg 1280w\" sizes=\"auto, (max-width: 1024px) 100vw, 1024px\" \/><\/figure>\n<\/div>\n\n\n\n<div class=\"wp-block-column is-layout-flow wp-block-column-is-layout-flow\">\n<p class=\"has-normal-font-size\">In the park, we offer a small selection of snacks such as cold drinks, ice cream, hot dogs, energy bars, and chocolate balls.<\/p>\n\n\n\n<p>There are plenty of tables and seating areas around the park, so you\u2019re very welcome to bring your own food or picnic.<\/p>\n\n\n\n<p>If you\u2019d like to eat before or after your visit, we recommend <strong><a href=\"https:\/\/majkenskok.se\/\">Restaurant Majkens K\u00f6k<\/a><\/strong>, where you can enjoy delicious food in a beautiful setting.<\/p>\n\n\n\n<p>We can also recommend a visit to <strong>Nisse\u2019s Ice Cream Caf\u00e9<\/strong>, located by the pool at <strong>Sudersand Resort<\/strong>.<\/p>\n\n\n\n<p class=\"has-medium-font-size\"><\/p>\n\n\n\n<p><\/p>\n<\/div>\n<\/div>\n\n\n\n<div style=\"height:100px\" aria-hidden=\"true\" class=\"wp-block-spacer\"><\/div>\n","protected":false},"excerpt":{"rendered":"<p>In the park, we offer a small selection of snacks such as cold drinks, ice cream, hot dogs, energy bars, and chocolate balls. There are plenty of tables and seating&#8230;<\/p>\n","protected":false},"author":6,"featured_media":145,"parent":617,"menu_order":3,"comment_status":"closed","ping_status":"closed","template":"templates\/empty.php","meta":{"_acf_changed":false,"inline_featured_image":false,"footnotes":""},"class_list":["post-631","page","type-page","status-publish","has-post-thumbnail"],"acf":[],"yoast_head":"<!-- This site is optimized with the Yoast SEO plugin v26.1.1 - https:\/\/yoast.com\/wordpress\/plugins\/seo\/ -->\n<title>Food and beverages - H\u00f6gt &amp; L\u00e5gt Gotland - F\u00e5r\u00f6<\/title>\n<meta name=\"description\" content=\"I parken hittar du ett utbud av kioskvaror s\u00e5som kaffe och korv. Finns \u00e4ven grillplats tillg\u00e4nglig f\u00f6r den egna mats\u00e4cken!\" \/>\n<meta name=\"robots\" content=\"index, follow, max-snippet:-1, max-image-preview:large, max-video-preview:-1\" \/>\n<link rel=\"canonical\" href=\"https:\/\/hogtlagt.se\/faro\/en\/the-climbing-park\/food-and-beverages\/\" \/>\n<meta property=\"og:locale\" content=\"sv_SE\" \/>\n<meta property=\"og:type\" content=\"article\" \/>\n<meta property=\"og:title\" content=\"Food and beverages - H\u00f6gt &amp; L\u00e5gt Gotland - F\u00e5r\u00f6\" \/>\n<meta property=\"og:description\" content=\"I parken hittar du ett utbud av kioskvaror s\u00e5som kaffe och korv. Finns \u00e4ven grillplats tillg\u00e4nglig f\u00f6r den egna mats\u00e4cken!\" \/>\n<meta property=\"og:url\" content=\"https:\/\/hogtlagt.se\/faro\/en\/the-climbing-park\/food-and-beverages\/\" \/>\n<meta property=\"og:site_name\" content=\"H\u00f6gt &amp; L\u00e5gt Gotland - F\u00e5r\u00f6\" \/>\n<meta property=\"article:modified_time\" content=\"2025-10-23T08:12:33+00:00\" \/>\n<meta property=\"og:image\" content=\"https:\/\/hogtlagt.se\/faro\/wp-content\/uploads\/sites\/22\/2020\/03\/bullar-o-kaffe.jpg\" \/>\n\t<meta property=\"og:image:width\" content=\"1280\" \/>\n\t<meta property=\"og:image:height\" content=\"680\" \/>\n\t<meta property=\"og:image:type\" content=\"image\/jpeg\" \/>\n<meta name=\"twitter:card\" content=\"summary_large_image\" \/>\n<meta name=\"twitter:label1\" content=\"Ber\u00e4knad l\u00e4stid\" \/>\n\t<meta name=\"twitter:data1\" content=\"2 minuter\" \/>\n<script type=\"application\/ld+json\" class=\"yoast-schema-graph\">{\"@context\":\"https:\/\/schema.org\",\"@graph\":[{\"@type\":\"WebPage\",\"@id\":\"https:\/\/hogtlagt.se\/faro\/en\/the-climbing-park\/food-and-beverages\/\",\"url\":\"https:\/\/hogtlagt.se\/faro\/en\/the-climbing-park\/food-and-beverages\/\",\"name\":\"Food and beverages - H\u00f6gt &amp; L\u00e5gt Gotland - F\u00e5r\u00f6\",\"isPartOf\":{\"@id\":\"https:\/\/hogtlagt.se\/faro\/#website\"},\"primaryImageOfPage\":{\"@id\":\"https:\/\/hogtlagt.se\/faro\/en\/the-climbing-park\/food-and-beverages\/#primaryimage\"},\"image\":{\"@id\":\"https:\/\/hogtlagt.se\/faro\/en\/the-climbing-park\/food-and-beverages\/#primaryimage\"},\"thumbnailUrl\":\"https:\/\/hogtlagt.se\/faro\/wp-content\/uploads\/sites\/22\/2020\/03\/bullar-o-kaffe.jpg\",\"datePublished\":\"2021-12-09T07:45:05+00:00\",\"dateModified\":\"2025-10-23T08:12:33+00:00\",\"description\":\"I parken hittar du ett utbud av kioskvaror s\u00e5som kaffe och korv. Finns \u00e4ven grillplats tillg\u00e4nglig f\u00f6r den egna mats\u00e4cken!\",\"breadcrumb\":{\"@id\":\"https:\/\/hogtlagt.se\/faro\/en\/the-climbing-park\/food-and-beverages\/#breadcrumb\"},\"inLanguage\":\"sv-SE\",\"potentialAction\":[{\"@type\":\"ReadAction\",\"target\":[\"https:\/\/hogtlagt.se\/faro\/en\/the-climbing-park\/food-and-beverages\/\"]}]},{\"@type\":\"ImageObject\",\"inLanguage\":\"sv-SE\",\"@id\":\"https:\/\/hogtlagt.se\/faro\/en\/the-climbing-park\/food-and-beverages\/#primaryimage\",\"url\":\"https:\/\/hogtlagt.se\/faro\/wp-content\/uploads\/sites\/22\/2020\/03\/bullar-o-kaffe.jpg\",\"contentUrl\":\"https:\/\/hogtlagt.se\/faro\/wp-content\/uploads\/sites\/22\/2020\/03\/bullar-o-kaffe.jpg\",\"width\":1280,\"height\":680},{\"@type\":\"BreadcrumbList\",\"@id\":\"https:\/\/hogtlagt.se\/faro\/en\/the-climbing-park\/food-and-beverages\/#breadcrumb\",\"itemListElement\":[{\"@type\":\"ListItem\",\"position\":1,\"name\":\"Hem\",\"item\":\"https:\/\/hogtlagt.se\/faro\/\"},{\"@type\":\"ListItem\",\"position\":2,\"name\":\"The Climbing park\",\"item\":\"https:\/\/hogtlagt.se\/faro\/en\/the-climbing-park\/\"},{\"@type\":\"ListItem\",\"position\":3,\"name\":\"Food and beverages\"}]},{\"@type\":\"WebSite\",\"@id\":\"https:\/\/hogtlagt.se\/faro\/#website\",\"url\":\"https:\/\/hogtlagt.se\/faro\/\",\"name\":\"H\u00f6gt &amp; L\u00e5gt Gotland - F\u00e5r\u00f6\",\"description\":\"\",\"potentialAction\":[{\"@type\":\"SearchAction\",\"target\":{\"@type\":\"EntryPoint\",\"urlTemplate\":\"https:\/\/hogtlagt.se\/faro\/?s={search_term_string}\"},\"query-input\":{\"@type\":\"PropertyValueSpecification\",\"valueRequired\":true,\"valueName\":\"search_term_string\"}}],\"inLanguage\":\"sv-SE\"}]}<\/script>\n<!-- \/ Yoast SEO plugin. -->","yoast_head_json":{"title":"Food and beverages - H\u00f6gt &amp; L\u00e5gt Gotland - F\u00e5r\u00f6","description":"I parken hittar du ett utbud av kioskvaror s\u00e5som kaffe och korv. Finns \u00e4ven grillplats tillg\u00e4nglig f\u00f6r den egna mats\u00e4cken!","robots":{"index":"index","follow":"follow","max-snippet":"max-snippet:-1","max-image-preview":"max-image-preview:large","max-video-preview":"max-video-preview:-1"},"canonical":"https:\/\/hogtlagt.se\/faro\/en\/the-climbing-park\/food-and-beverages\/","og_locale":"sv_SE","og_type":"article","og_title":"Food and beverages - H\u00f6gt &amp; L\u00e5gt Gotland - F\u00e5r\u00f6","og_description":"I parken hittar du ett utbud av kioskvaror s\u00e5som kaffe och korv. Finns \u00e4ven grillplats tillg\u00e4nglig f\u00f6r den egna mats\u00e4cken!","og_url":"https:\/\/hogtlagt.se\/faro\/en\/the-climbing-park\/food-and-beverages\/","og_site_name":"H\u00f6gt &amp; L\u00e5gt Gotland - F\u00e5r\u00f6","article_modified_time":"2025-10-23T08:12:33+00:00","og_image":[{"width":1280,"height":680,"url":"https:\/\/hogtlagt.se\/faro\/wp-content\/uploads\/sites\/22\/2020\/03\/bullar-o-kaffe.jpg","type":"image\/jpeg"}],"twitter_card":"summary_large_image","twitter_misc":{"Ber\u00e4knad l\u00e4stid":"2 minuter"},"schema":{"@context":"https:\/\/schema.org","@graph":[{"@type":"WebPage","@id":"https:\/\/hogtlagt.se\/faro\/en\/the-climbing-park\/food-and-beverages\/","url":"https:\/\/hogtlagt.se\/faro\/en\/the-climbing-park\/food-and-beverages\/","name":"Food and beverages - H\u00f6gt &amp; L\u00e5gt Gotland - F\u00e5r\u00f6","isPartOf":{"@id":"https:\/\/hogtlagt.se\/faro\/#website"},"primaryImageOfPage":{"@id":"https:\/\/hogtlagt.se\/faro\/en\/the-climbing-park\/food-and-beverages\/#primaryimage"},"image":{"@id":"https:\/\/hogtlagt.se\/faro\/en\/the-climbing-park\/food-and-beverages\/#primaryimage"},"thumbnailUrl":"https:\/\/hogtlagt.se\/faro\/wp-content\/uploads\/sites\/22\/2020\/03\/bullar-o-kaffe.jpg","datePublished":"2021-12-09T07:45:05+00:00","dateModified":"2025-10-23T08:12:33+00:00","description":"I parken hittar du ett utbud av kioskvaror s\u00e5som kaffe och korv. Finns \u00e4ven grillplats tillg\u00e4nglig f\u00f6r den egna mats\u00e4cken!","breadcrumb":{"@id":"https:\/\/hogtlagt.se\/faro\/en\/the-climbing-park\/food-and-beverages\/#breadcrumb"},"inLanguage":"sv-SE","potentialAction":[{"@type":"ReadAction","target":["https:\/\/hogtlagt.se\/faro\/en\/the-climbing-park\/food-and-beverages\/"]}]},{"@type":"ImageObject","inLanguage":"sv-SE","@id":"https:\/\/hogtlagt.se\/faro\/en\/the-climbing-park\/food-and-beverages\/#primaryimage","url":"https:\/\/hogtlagt.se\/faro\/wp-content\/uploads\/sites\/22\/2020\/03\/bullar-o-kaffe.jpg","contentUrl":"https:\/\/hogtlagt.se\/faro\/wp-content\/uploads\/sites\/22\/2020\/03\/bullar-o-kaffe.jpg","width":1280,"height":680},{"@type":"BreadcrumbList","@id":"https:\/\/hogtlagt.se\/faro\/en\/the-climbing-park\/food-and-beverages\/#breadcrumb","itemListElement":[{"@type":"ListItem","position":1,"name":"Hem","item":"https:\/\/hogtlagt.se\/faro\/"},{"@type":"ListItem","position":2,"name":"The Climbing park","item":"https:\/\/hogtlagt.se\/faro\/en\/the-climbing-park\/"},{"@type":"ListItem","position":3,"name":"Food and beverages"}]},{"@type":"WebSite","@id":"https:\/\/hogtlagt.se\/faro\/#website","url":"https:\/\/hogtlagt.se\/faro\/","name":"H\u00f6gt &amp; L\u00e5gt Gotland - F\u00e5r\u00f6","description":"","potentialAction":[{"@type":"SearchAction","target":{"@type":"EntryPoint","urlTemplate":"https:\/\/hogtlagt.se\/faro\/?s={search_term_string}"},"query-input":{"@type":"PropertyValueSpecification","valueRequired":true,"valueName":"search_term_string"}}],"inLanguage":"sv-SE"}]}},"_links":{"self":[{"href":"https:\/\/hogtlagt.se\/faro\/wp-json\/wp\/v2\/pages\/631","targetHints":{"allow":["GET"]}}],"collection":[{"href":"https:\/\/hogtlagt.se\/faro\/wp-json\/wp\/v2\/pages"}],"about":[{"href":"https:\/\/hogtlagt.se\/faro\/wp-json\/wp\/v2\/types\/page"}],"author":[{"embeddable":true,"href":"https:\/\/hogtlagt.se\/faro\/wp-json\/wp\/v2\/users\/6"}],"replies":[{"embeddable":true,"href":"https:\/\/hogtlagt.se\/faro\/wp-json\/wp\/v2\/comments?post=631"}],"version-history":[{"count":5,"href":"https:\/\/hogtlagt.se\/faro\/wp-json\/wp\/v2\/pages\/631\/revisions"}],"predecessor-version":[{"id":2382,"href":"https:\/\/hogtlagt.se\/faro\/wp-json\/wp\/v2\/pages\/631\/revisions\/2382"}],"up":[{"embeddable":true,"href":"https:\/\/hogtlagt.se\/faro\/wp-json\/wp\/v2\/pages\/617"}],"wp:featuredmedia":[{"embeddable":true,"href":"https:\/\/hogtlagt.se\/faro\/wp-json\/wp\/v2\/media\/145"}],"wp:attachment":[{"href":"https:\/\/hogtlagt.se\/faro\/wp-json\/wp\/v2\/media?parent=631"}],"curies":[{"name":"wp","href":"https:\/\/api.w.org\/{rel}","templated":true}]}}